{"id":984,"date":"2012-08-30T15:15:29","date_gmt":"2012-08-30T13:15:29","guid":{"rendered":"http:\/\/www.sofort-kredit.net\/?page_id=984"},"modified":"2017-05-23T12:13:46","modified_gmt":"2017-05-23T10:13:46","slug":"fuer-photovoltaikanlage","status":"publish","type":"page","link":"http:\/\/www.dr-staedtler.de\/sofort-kredit\/arten\/fuer-photovoltaikanlage","title":{"rendered":"Kredit f\u00fcr Photovoltaikanlage"},"content":{"rendered":"<p><strong>Passivh\u00e4user<\/strong> und Passiveinrichtungen wie <strong>Solaranlagen<\/strong> sind ein neuer Trend. Betriebskosten k\u00f6nnen gespart werden, genauso wie die Umwelt geschont wird. Doch wie k\u00f6nnen Solaranlagen finanziert werden? Wom\u00f6glich <strong>mit einem Sofortkredit<\/strong>.<br \/>\n<script defer=\"\" async=\"\" data-affiliateid=\"9e1fdf7f\" data-placementid=\"783582278\" data-amount=\"10000\" data-category=\"886\" data-duration=\"84\" src=\"https:\/\/www.smava.de\/pp\/smava-kreditvergleich\/main.js\"><\/script><br \/>\n<img loading=\"lazy\" decoding=\"async\" class=\"alignleft size-medium wp-image-1238\" style=\"margin-right: 10px; margin-bottom: 8px; border: 1px solid grey;\" title=\"Photovoltaikanlage auf einem Einfamilienhaus\" src=\"http:\/\/www.dr-staedtler.de\/sofort-kredit\/wp-content\/uploads\/2012\/08\/photovoltaikanlage-300x200.jpg\" alt=\"Photovoltaikanlage auf einem Einfamilienhaus\" width=\"300\" height=\"200\" srcset=\"http:\/\/www.dr-staedtler.de\/sofort-kredit\/wp-content\/uploads\/2012\/08\/photovoltaikanlage-300x200.jpg 300w, http:\/\/www.dr-staedtler.de\/sofort-kredit\/wp-content\/uploads\/2012\/08\/photovoltaikanlage.jpg 423w\" sizes=\"auto, (max-width: 300px) 100vw, 300px\" \/>Der Einbau und der <strong>Kauf einer Solaranlage<\/strong> ist im Regelfall mit vielen Kosten verbunden. Steht das <strong>ben\u00f6tigte Eigenkapital<\/strong> nicht zur Verf\u00fcgung, den gibt es zahlreiche Kredite. Daf\u00fcr gibt es in Deutschland zahlreiche Banken, die sich speziell auf den <strong>Fotovoltaik-Kredit<\/strong> spezialisiert haben. Ob nun die GLS oder die Umweltbank, die <strong>Aufnahme eines Kredites<\/strong> ist kein Problem. Dennoch existiert bei den meisten Anbietern ein Problem. Lediglich private Anlagebetreibende haben die M\u00f6glichkeit Kredite dieser Art aufzunehmen. Ebenso gibt es Kredite, die nur f\u00fcr <strong>gewerblich Anlagenbetreiber<\/strong> zur Verf\u00fcgung gestellt werden. Soll eine Fotovoltaikanlage auf einem Dach, welches gepachtet wurde installiert werden, dann findet oftmals ein Ausschluss statt.<\/p>\n<h2>Welche Alternativen existieren?<\/h2>\n<p>Eine durchaus n\u00fctzliche Alternative ist ein<strong> Sofortkredit f\u00fcr Photovoltaikanlagen.<\/strong> Die Beitr\u00e4ge variieren zwischen 30.000 oder 70.000 Euro. Wird ein Solarkredit im Speziellen aufgenommen, dann ergibt sich der Nachteil, dass die Fotovoltaikanlage bei einem Zahlungsausfall komplett gepf\u00e4ndet werden darf. Ebenso bietet <a href=\"http:\/\/www.dr-staedtler.de\/sofort-kredit\">ein Sofortkredit gegen\u00fcber derartigen Krediten<\/a> eine niedrigere Zinsbindung und eine flexiblere Laufzeit. So kann ein Sofortkredit mit einer Laufzeit von mindestens 84 Monaten und mehr aufgenommen werden. Vorz\u00fcge, die bei der <strong>Aufnahme eines Kredites<\/strong> nicht unbedeutend sind.<\/p>\n<h3>Vergleiche helfen weiter<\/h3>\n<p>Bevor ein Kredit gesucht wird ist ein Vergleich wichtig. <strong>Vergleiche<\/strong> k\u00f6nnen kostenlos und unabh\u00e4ngig durchgef\u00fchrt werden. Dabei sollte auf die<strong> Konditionen<\/strong> geachtet werden. Dazu geh\u00f6rt beispielsweise der Zinssatz, die Ratenzahlung und die Kreditsumme. Im Regelfall erh\u00f6ht sich der Zinssatz, wird die <strong>Kreditsumme<\/strong> gr\u00f6\u00dfer. Um einen niedrigen Zins zu finden, der f\u00fcr diese <strong>Geldsumme akzeptabel<\/strong> ist sollte ein unabh\u00e4ngiger und objektiver Vergleich genutzt werden. Vergleichssysteme sind kostenlos, was hei\u00dft, dass keine versteckten Kosten in irgendeiner Weise enthalten sind. Alle Angaben die gemacht werden unterliegen dem Datenschutz. Ebenso werden <strong>Vergleichssysteme Kreditergebnisse<\/strong> immer nur nach dem <strong>Preisleistungsverh\u00e4ltnis<\/strong> sortieren. Voraussetzungen, die einen Vergleich wertvoll, \u00fcbersichtlich und bequem machen. Der Einbau einer Fotovoltaikanlage ist somit kein Problem mehr.<\/p>\n","protected":false},"excerpt":{"rendered":"<p>Passivh\u00e4user und Passiveinrichtungen wie Solaranlagen sind ein neuer Trend. Betriebskosten k\u00f6nnen gespart werden, genauso wie die Umwelt geschont wird. Doch wie k\u00f6nnen Solaranlagen finanziert werden? Wom\u00f6glich mit einem Sofortkredit. Der Einbau und der Kauf einer Solaranlage ist im Regelfall mit vielen Kosten verbunden. Steht das ben\u00f6tigte Eigenkapital nicht zur Verf\u00fcgung, den gibt es zahlreiche Kredite. [&hellip;]<\/p>\n","protected":false},"author":2,"featured_media":0,"parent":1081,"menu_order":0,"comment_status":"closed","ping_status":"open","template":"templates\/sidebar-right.php","meta":{"footnotes":""},"class_list":["post-984","page","type-page","status-publish","hentry"],"yoast_head":"<!-- This site is optimized with the Yoast SEO plugin v24.6 - https:\/\/yoast.com\/wordpress\/plugins\/seo\/ -->\n<title>Kredit f\u00fcr Photovoltaikanlage - Jetzt vergleichen und sparen<\/title>\n<meta name=\"description\" content=\"Kredit f\u00fcr Photovoltaikanlage: Eine Photovoltaikanlage ist eine n\u00fctzliche Einrichtung, die durch einen Sofortkredit finanziert werden kann.\" \/>\n<meta name=\"robots\" content=\"index, follow, max-snippet:-1, max-image-preview:large, max-video-preview:-1\" \/>\n<link rel=\"canonical\" href=\"https:\/\/www.dr-staedtler.de\/sofort-kredit\/arten\/fuer-photovoltaikanlage\" \/>\n<meta property=\"og:locale\" content=\"de_DE\" \/>\n<meta property=\"og:type\" content=\"article\" \/>\n<meta property=\"og:title\" content=\"Kredit f\u00fcr Photovoltaikanlage - Jetzt vergleichen und sparen\" \/>\n<meta property=\"og:description\" content=\"Kredit f\u00fcr Photovoltaikanlage: Eine Photovoltaikanlage ist eine n\u00fctzliche Einrichtung, die durch einen Sofortkredit finanziert werden kann.\" \/>\n<meta property=\"og:url\" content=\"https:\/\/www.dr-staedtler.de\/sofort-kredit\/arten\/fuer-photovoltaikanlage\" \/>\n<meta property=\"og:site_name\" content=\"Sofortkredit\" \/>\n<meta property=\"article:modified_time\" content=\"2017-05-23T10:13:46+00:00\" \/>\n<meta property=\"og:image\" content=\"http:\/\/www.dr-staedtler.de\/sofort-kredit\/wp-content\/uploads\/2012\/08\/photovoltaikanlage-300x200.jpg\" \/>\n<meta name=\"twitter:card\" content=\"summary_large_image\" \/>\n<meta name=\"twitter:label1\" content=\"Gesch\u00e4tzte Lesezeit\" \/>\n\t<meta name=\"twitter:data1\" content=\"2\u00a0Minuten\" \/>\n<script type=\"application\/ld+json\" class=\"yoast-schema-graph\">{\"@context\":\"https:\/\/schema.org\",\"@graph\":[{\"@type\":\"WebPage\",\"@id\":\"https:\/\/www.dr-staedtler.de\/sofort-kredit\/arten\/fuer-photovoltaikanlage\",\"url\":\"https:\/\/www.dr-staedtler.de\/sofort-kredit\/arten\/fuer-photovoltaikanlage\",\"name\":\"Kredit f\u00fcr Photovoltaikanlage - Jetzt vergleichen und sparen\",\"isPartOf\":{\"@id\":\"http:\/\/www.dr-staedtler.de\/sofort-kredit\/#website\"},\"primaryImageOfPage\":{\"@id\":\"https:\/\/www.dr-staedtler.de\/sofort-kredit\/arten\/fuer-photovoltaikanlage#primaryimage\"},\"image\":{\"@id\":\"https:\/\/www.dr-staedtler.de\/sofort-kredit\/arten\/fuer-photovoltaikanlage#primaryimage\"},\"thumbnailUrl\":\"http:\/\/www.dr-staedtler.de\/sofort-kredit\/wp-content\/uploads\/2012\/08\/photovoltaikanlage-300x200.jpg\",\"datePublished\":\"2012-08-30T13:15:29+00:00\",\"dateModified\":\"2017-05-23T10:13:46+00:00\",\"description\":\"Kredit f\u00fcr Photovoltaikanlage: Eine Photovoltaikanlage ist eine n\u00fctzliche Einrichtung, die durch einen Sofortkredit finanziert werden kann.\",\"breadcrumb\":{\"@id\":\"https:\/\/www.dr-staedtler.de\/sofort-kredit\/arten\/fuer-photovoltaikanlage#breadcrumb\"},\"inLanguage\":\"de\",\"potentialAction\":[{\"@type\":\"ReadAction\",\"target\":[\"https:\/\/www.dr-staedtler.de\/sofort-kredit\/arten\/fuer-photovoltaikanlage\"]}]},{\"@type\":\"ImageObject\",\"inLanguage\":\"de\",\"@id\":\"https:\/\/www.dr-staedtler.de\/sofort-kredit\/arten\/fuer-photovoltaikanlage#primaryimage\",\"url\":\"http:\/\/www.dr-staedtler.de\/sofort-kredit\/wp-content\/uploads\/2012\/08\/photovoltaikanlage.jpg\",\"contentUrl\":\"http:\/\/www.dr-staedtler.de\/sofort-kredit\/wp-content\/uploads\/2012\/08\/photovoltaikanlage.jpg\",\"width\":\"423\",\"height\":\"283\",\"caption\":\"Photovoltaikanlage auf einem Einfamilienhaus\"},{\"@type\":\"BreadcrumbList\",\"@id\":\"https:\/\/www.dr-staedtler.de\/sofort-kredit\/arten\/fuer-photovoltaikanlage#breadcrumb\",\"itemListElement\":[{\"@type\":\"ListItem\",\"position\":1,\"name\":\"Home\",\"item\":\"https:\/\/www.dr-staedtler.de\/sofort-kredit\/\"},{\"@type\":\"ListItem\",\"position\":2,\"name\":\"Diese verschiedenen Kreditarten und Verwendungszwecke gibt es\",\"item\":\"https:\/\/www.dr-staedtler.de\/sofort-kredit\/arten\"},{\"@type\":\"ListItem\",\"position\":3,\"name\":\"Kredit f\u00fcr Photovoltaikanlage\"}]},{\"@type\":\"WebSite\",\"@id\":\"http:\/\/www.dr-staedtler.de\/sofort-kredit\/#website\",\"url\":\"http:\/\/www.dr-staedtler.de\/sofort-kredit\/\",\"name\":\"Sofortkredit\",\"description\":\"Der Sofortkredit im unabh\u00e4ngigen Vergleich\",\"potentialAction\":[{\"@type\":\"SearchAction\",\"target\":{\"@type\":\"EntryPoint\",\"urlTemplate\":\"http:\/\/www.dr-staedtler.de\/sofort-kredit\/?s={search_term_string}\"},\"query-input\":{\"@type\":\"PropertyValueSpecification\",\"valueRequired\":true,\"valueName\":\"search_term_string\"}}],\"inLanguage\":\"de\"}]}<\/script>\n<!-- \/ Yoast SEO plugin. -->","yoast_head_json":{"title":"Kredit f\u00fcr Photovoltaikanlage - Jetzt vergleichen und sparen","description":"Kredit f\u00fcr Photovoltaikanlage: Eine Photovoltaikanlage ist eine n\u00fctzliche Einrichtung, die durch einen Sofortkredit finanziert werden kann.","robots":{"index":"index","follow":"follow","max-snippet":"max-snippet:-1","max-image-preview":"max-image-preview:large","max-video-preview":"max-video-preview:-1"},"canonical":"https:\/\/www.dr-staedtler.de\/sofort-kredit\/arten\/fuer-photovoltaikanlage","og_locale":"de_DE","og_type":"article","og_title":"Kredit f\u00fcr Photovoltaikanlage - Jetzt vergleichen und sparen","og_description":"Kredit f\u00fcr Photovoltaikanlage: Eine Photovoltaikanlage ist eine n\u00fctzliche Einrichtung, die durch einen Sofortkredit finanziert werden kann.","og_url":"https:\/\/www.dr-staedtler.de\/sofort-kredit\/arten\/fuer-photovoltaikanlage","og_site_name":"Sofortkredit","article_modified_time":"2017-05-23T10:13:46+00:00","og_image":[{"url":"http:\/\/www.dr-staedtler.de\/sofort-kredit\/wp-content\/uploads\/2012\/08\/photovoltaikanlage-300x200.jpg","type":"","width":"","height":""}],"twitter_card":"summary_large_image","twitter_misc":{"Gesch\u00e4tzte Lesezeit":"2\u00a0Minuten"},"schema":{"@context":"https:\/\/schema.org","@graph":[{"@type":"WebPage","@id":"https:\/\/www.dr-staedtler.de\/sofort-kredit\/arten\/fuer-photovoltaikanlage","url":"https:\/\/www.dr-staedtler.de\/sofort-kredit\/arten\/fuer-photovoltaikanlage","name":"Kredit f\u00fcr Photovoltaikanlage - Jetzt vergleichen und sparen","isPartOf":{"@id":"http:\/\/www.dr-staedtler.de\/sofort-kredit\/#website"},"primaryImageOfPage":{"@id":"https:\/\/www.dr-staedtler.de\/sofort-kredit\/arten\/fuer-photovoltaikanlage#primaryimage"},"image":{"@id":"https:\/\/www.dr-staedtler.de\/sofort-kredit\/arten\/fuer-photovoltaikanlage#primaryimage"},"thumbnailUrl":"http:\/\/www.dr-staedtler.de\/sofort-kredit\/wp-content\/uploads\/2012\/08\/photovoltaikanlage-300x200.jpg","datePublished":"2012-08-30T13:15:29+00:00","dateModified":"2017-05-23T10:13:46+00:00","description":"Kredit f\u00fcr Photovoltaikanlage: Eine Photovoltaikanlage ist eine n\u00fctzliche Einrichtung, die durch einen Sofortkredit finanziert werden kann.","breadcrumb":{"@id":"https:\/\/www.dr-staedtler.de\/sofort-kredit\/arten\/fuer-photovoltaikanlage#breadcrumb"},"inLanguage":"de","potentialAction":[{"@type":"ReadAction","target":["https:\/\/www.dr-staedtler.de\/sofort-kredit\/arten\/fuer-photovoltaikanlage"]}]},{"@type":"ImageObject","inLanguage":"de","@id":"https:\/\/www.dr-staedtler.de\/sofort-kredit\/arten\/fuer-photovoltaikanlage#primaryimage","url":"http:\/\/www.dr-staedtler.de\/sofort-kredit\/wp-content\/uploads\/2012\/08\/photovoltaikanlage.jpg","contentUrl":"http:\/\/www.dr-staedtler.de\/sofort-kredit\/wp-content\/uploads\/2012\/08\/photovoltaikanlage.jpg","width":"423","height":"283","caption":"Photovoltaikanlage auf einem Einfamilienhaus"},{"@type":"BreadcrumbList","@id":"https:\/\/www.dr-staedtler.de\/sofort-kredit\/arten\/fuer-photovoltaikanlage#breadcrumb","itemListElement":[{"@type":"ListItem","position":1,"name":"Home","item":"https:\/\/www.dr-staedtler.de\/sofort-kredit\/"},{"@type":"ListItem","position":2,"name":"Diese verschiedenen Kreditarten und Verwendungszwecke gibt es","item":"https:\/\/www.dr-staedtler.de\/sofort-kredit\/arten"},{"@type":"ListItem","position":3,"name":"Kredit f\u00fcr Photovoltaikanlage"}]},{"@type":"WebSite","@id":"http:\/\/www.dr-staedtler.de\/sofort-kredit\/#website","url":"http:\/\/www.dr-staedtler.de\/sofort-kredit\/","name":"Sofortkredit","description":"Der Sofortkredit im unabh\u00e4ngigen Vergleich","potentialAction":[{"@type":"SearchAction","target":{"@type":"EntryPoint","urlTemplate":"http:\/\/www.dr-staedtler.de\/sofort-kredit\/?s={search_term_string}"},"query-input":{"@type":"PropertyValueSpecification","valueRequired":true,"valueName":"search_term_string"}}],"inLanguage":"de"}]}},"_links":{"self":[{"href":"http:\/\/www.dr-staedtler.de\/sofort-kredit\/wp-json\/wp\/v2\/pages\/984","targetHints":{"allow":["GET"]}}],"collection":[{"href":"http:\/\/www.dr-staedtler.de\/sofort-kredit\/wp-json\/wp\/v2\/pages"}],"about":[{"href":"http:\/\/www.dr-staedtler.de\/sofort-kredit\/wp-json\/wp\/v2\/types\/page"}],"author":[{"embeddable":true,"href":"http:\/\/www.dr-staedtler.de\/sofort-kredit\/wp-json\/wp\/v2\/users\/2"}],"replies":[{"embeddable":true,"href":"http:\/\/www.dr-staedtler.de\/sofort-kredit\/wp-json\/wp\/v2\/comments?post=984"}],"version-history":[{"count":4,"href":"http:\/\/www.dr-staedtler.de\/sofort-kredit\/wp-json\/wp\/v2\/pages\/984\/revisions"}],"predecessor-version":[{"id":2554,"href":"http:\/\/www.dr-staedtler.de\/sofort-kredit\/wp-json\/wp\/v2\/pages\/984\/revisions\/2554"}],"up":[{"embeddable":true,"href":"http:\/\/www.dr-staedtler.de\/sofort-kredit\/wp-json\/wp\/v2\/pages\/1081"}],"wp:attachment":[{"href":"http:\/\/www.dr-staedtler.de\/sofort-kredit\/wp-json\/wp\/v2\/media?parent=984"}],"curies":[{"name":"wp","href":"https:\/\/api.w.org\/{rel}","templated":true}]}}