{"id":964,"date":"2012-08-28T13:26:31","date_gmt":"2012-08-28T11:26:31","guid":{"rendered":"http:\/\/www.sofort-kredit.net\/?page_id=964"},"modified":"2017-05-23T12:11:56","modified_gmt":"2017-05-23T10:11:56","slug":"fuer-lehrer","status":"publish","type":"page","link":"http:\/\/www.dr-staedtler.de\/sofort-kredit\/arten\/fuer-lehrer","title":{"rendered":"Kredit f\u00fcr Lehrer"},"content":{"rendered":"<p>Lehrer werden bevorzugt, was auf die Bonit\u00e4t zur\u00fcckzuf\u00fchren ist. Die Zinsen sind g\u00fcnstiger und die Konditionen besser. Ben\u00f6tigt man schnelles Geld, dann k\u00f6nnen Lehrer jederzeit auf einen<strong> g\u00fcnstigen Sofortkredit<\/strong> zur\u00fcckgreifen.<br \/>\n<script defer=\"\" async=\"\" data-affiliateid=\"9e1fdf7f\" data-placementid=\"783582278\" data-amount=\"10000\" data-category=\"\" data-duration=\"84\" src=\"https:\/\/www.smava.de\/pp\/smava-kreditvergleich\/main.js\"><\/script><br \/>\nZahlreiche Banken bieten in Deutschland den <strong>Lehrerkredit<\/strong> an. Der Lehrerkredit ist eine besondere Kreditvariante, die Teil des <strong>Beamtendarlehens<\/strong> ist. Dieser Kredit ist ausschlie\u00dflich f\u00fcr Lehrer gedacht. Hier ergeben sich entscheidende Vorteile, welche Finanzierungen erleichtern. Der Kredit f\u00fcr Lehrer wird im Regelfall als <strong>Darlehen<\/strong> angeboten, welches besondere Konditionen besitzt. Lehrer verf\u00fcgen \u00fcber eine sehr gute Bonit\u00e4t, was seitens der Banken belohnt wird. Als Sicherheit dienen die Geh\u00e4lter, genauso wie die Arbeitsplatzsicherheit. Viele <strong>Banken bieten den Lehrerkredit<\/strong> an, wobei die Zinss\u00e4tze \u00e4u\u00dferst niedrig sind. Die Mehrkosten, die durch einen Kredit dieser Art entstehen k\u00f6nnen somit in Grenzen gehalten werden. Ebenso werden sehr geringe Ratenmodelle angeboten. Dadurch k\u00f6nnen Kredite mit g\u00fcnstigen Zinsen und geringen <strong>monatlichen Raten<\/strong> \u00fcberschaubar getilgt werden.<\/p>\n<h2>Die richtigen Konditionen<\/h2>\n<p><img loading=\"lazy\" decoding=\"async\" class=\"alignleft size-medium wp-image-1163\" style=\"margin-right: 10px; margin-bottom: 8px; border: 1px solid grey;\" title=\"Die richtigen Konditionen f\u00fcr einen Lehrer-Kredit\" src=\"http:\/\/www.dr-staedtler.de\/sofort-kredit\/wp-content\/uploads\/2012\/08\/lehrerkredit-300x200.jpg\" alt=\"Die richtigen Konditionen f\u00fcr einen Lehrer-Kredit\" width=\"300\" height=\"200\" srcset=\"http:\/\/www.dr-staedtler.de\/sofort-kredit\/wp-content\/uploads\/2012\/08\/lehrerkredit-300x200.jpg 300w, http:\/\/www.dr-staedtler.de\/sofort-kredit\/wp-content\/uploads\/2012\/08\/lehrerkredit.jpg 424w\" sizes=\"auto, (max-width: 300px) 100vw, 300px\" \/>Die Laufzeiten liegen dabei deutlich \u00fcber dem Ratendurchschnitt, werden andere<strong> Kreditvarianten<\/strong> betrachtet. Die wichtigsten Merkmale beziehen sich also auf die Laufzeit, die Rate und dem Zinssatz. Lehrer k\u00f6nnen somit grunds\u00e4tzliche Vorteile genie\u00dfen, die andersweitig berufst\u00e4tige nicht haben. Viele Banken arbeiten auch mit<strong> Kombinationen der Lebensversicherung<\/strong>. So wird beispielsweise eine zus\u00e4tzliche <strong>Kapitalversicherung<\/strong> mit angeboten. Dabei werden lediglich die Zinsen an die Bank gezahlt, wobei vorher vereinbarte Beitr\u00e4ge in die <a href=\"http:\/\/www.dr-staedtler.de\/sofort-kredit\/sofortkredit-arbeitslose\">eigenen Lebensversicherung eingezahlt<\/a> werden. Das Kapital, welches \u00fcber die <strong>Lebensversicherung<\/strong> gespart wird dient somit zur Tilgung des Lehrerkredites. Der Nachteil besteht lediglich darin, dass die einzelnen Rahmenbedingungen f\u00fcr die Lebensversicherung immer den notwendigen Kreditbedingungen untergeordnet werden muss.<\/p>\n<h3>Einfach, flexibel und schnell vergleichen<\/h3>\n<p>Damit Lehrer einen<strong> g\u00fcnstigen Sofortkredit<\/strong> finden ist ein Vergleich sinnvoll. So ein unabh\u00e4ngiger und kostenloser Vergleich, der daf\u00fcr sorgt das der g\u00fcnstigste Zinssatz und das beste <strong>Ratenmodell<\/strong> schneller gefunden werden kann. Da <a href=\"http:\/\/www.dr-staedtler.de\/sofort-kredit\">Vergleichssysteme unabh\u00e4ngig und objektiv<\/a> genutzt werden k\u00f6nnen sind Vergleiche die schnellste und einfachste Variante um<strong> leistungsstarke Konditionen<\/strong> ausfindig zu machen. Wird in Kombination mit einer Kapitallebensversicherung gearbeitet, dann sollte <a href=\"http:\/\/www.dr-staedtler.de\/sofort-kredit\">der Zinssatz m\u00f6glichst gering<\/a> sein. Werden<strong> Kredite mit einem Vergleich<\/strong> gesucht, dann k\u00f6nnen verschiedene Anbieter genauestens kontrolliert und auf ihre Leistungen untersucht werden.<\/p>\n","protected":false},"excerpt":{"rendered":"<p>Lehrer werden bevorzugt, was auf die Bonit\u00e4t zur\u00fcckzuf\u00fchren ist. Die Zinsen sind g\u00fcnstiger und die Konditionen besser. Ben\u00f6tigt man schnelles Geld, dann k\u00f6nnen Lehrer jederzeit auf einen g\u00fcnstigen Sofortkredit zur\u00fcckgreifen. Zahlreiche Banken bieten in Deutschland den Lehrerkredit an. Der Lehrerkredit ist eine besondere Kreditvariante, die Teil des Beamtendarlehens ist. Dieser Kredit ist ausschlie\u00dflich f\u00fcr Lehrer [&hellip;]<\/p>\n","protected":false},"author":2,"featured_media":0,"parent":1081,"menu_order":0,"comment_status":"closed","ping_status":"open","template":"templates\/sidebar-right.php","meta":{"footnotes":""},"class_list":["post-964","page","type-page","status-publish","hentry"],"yoast_head":"<!-- This site is optimized with the Yoast SEO plugin v24.6 - https:\/\/yoast.com\/wordpress\/plugins\/seo\/ -->\n<title>Kredit f\u00fcr Lehrer - Jetzt vergleichen und beantragen<\/title>\n<meta name=\"description\" content=\"Kredit f\u00fcr Lehrer: Lehrer erhalten jederzeit einen Sofortkredit mit g\u00fcnstigen Konditionen, zahlreiche Banken bieten ihn an.\" \/>\n<meta name=\"robots\" content=\"index, follow, max-snippet:-1, max-image-preview:large, max-video-preview:-1\" \/>\n<link rel=\"canonical\" href=\"https:\/\/www.dr-staedtler.de\/sofort-kredit\/arten\/fuer-lehrer\" \/>\n<meta property=\"og:locale\" content=\"de_DE\" \/>\n<meta property=\"og:type\" content=\"article\" \/>\n<meta property=\"og:title\" content=\"Kredit f\u00fcr Lehrer - Jetzt vergleichen und beantragen\" \/>\n<meta property=\"og:description\" content=\"Kredit f\u00fcr Lehrer: Lehrer erhalten jederzeit einen Sofortkredit mit g\u00fcnstigen Konditionen, zahlreiche Banken bieten ihn an.\" \/>\n<meta property=\"og:url\" content=\"https:\/\/www.dr-staedtler.de\/sofort-kredit\/arten\/fuer-lehrer\" \/>\n<meta property=\"og:site_name\" content=\"Sofortkredit\" \/>\n<meta property=\"article:modified_time\" content=\"2017-05-23T10:11:56+00:00\" \/>\n<meta property=\"og:image\" content=\"http:\/\/www.dr-staedtler.de\/sofort-kredit\/wp-content\/uploads\/2012\/08\/lehrerkredit-300x200.jpg\" \/>\n<meta name=\"twitter:card\" content=\"summary_large_image\" \/>\n<meta name=\"twitter:label1\" content=\"Gesch\u00e4tzte Lesezeit\" \/>\n\t<meta name=\"twitter:data1\" content=\"2\u00a0Minuten\" \/>\n<script type=\"application\/ld+json\" class=\"yoast-schema-graph\">{\"@context\":\"https:\/\/schema.org\",\"@graph\":[{\"@type\":\"WebPage\",\"@id\":\"https:\/\/www.dr-staedtler.de\/sofort-kredit\/arten\/fuer-lehrer\",\"url\":\"https:\/\/www.dr-staedtler.de\/sofort-kredit\/arten\/fuer-lehrer\",\"name\":\"Kredit f\u00fcr Lehrer - Jetzt vergleichen und beantragen\",\"isPartOf\":{\"@id\":\"http:\/\/www.dr-staedtler.de\/sofort-kredit\/#website\"},\"primaryImageOfPage\":{\"@id\":\"https:\/\/www.dr-staedtler.de\/sofort-kredit\/arten\/fuer-lehrer#primaryimage\"},\"image\":{\"@id\":\"https:\/\/www.dr-staedtler.de\/sofort-kredit\/arten\/fuer-lehrer#primaryimage\"},\"thumbnailUrl\":\"http:\/\/www.dr-staedtler.de\/sofort-kredit\/wp-content\/uploads\/2012\/08\/lehrerkredit-300x200.jpg\",\"datePublished\":\"2012-08-28T11:26:31+00:00\",\"dateModified\":\"2017-05-23T10:11:56+00:00\",\"description\":\"Kredit f\u00fcr Lehrer: Lehrer erhalten jederzeit einen Sofortkredit mit g\u00fcnstigen Konditionen, zahlreiche Banken bieten ihn an.\",\"breadcrumb\":{\"@id\":\"https:\/\/www.dr-staedtler.de\/sofort-kredit\/arten\/fuer-lehrer#breadcrumb\"},\"inLanguage\":\"de\",\"potentialAction\":[{\"@type\":\"ReadAction\",\"target\":[\"https:\/\/www.dr-staedtler.de\/sofort-kredit\/arten\/fuer-lehrer\"]}]},{\"@type\":\"ImageObject\",\"inLanguage\":\"de\",\"@id\":\"https:\/\/www.dr-staedtler.de\/sofort-kredit\/arten\/fuer-lehrer#primaryimage\",\"url\":\"http:\/\/www.dr-staedtler.de\/sofort-kredit\/wp-content\/uploads\/2012\/08\/lehrerkredit.jpg\",\"contentUrl\":\"http:\/\/www.dr-staedtler.de\/sofort-kredit\/wp-content\/uploads\/2012\/08\/lehrerkredit.jpg\",\"width\":\"424\",\"height\":\"283\",\"caption\":\"Die richtigen Konditionen f\u00fcr einen Lehrer-Kredit\"},{\"@type\":\"BreadcrumbList\",\"@id\":\"https:\/\/www.dr-staedtler.de\/sofort-kredit\/arten\/fuer-lehrer#breadcrumb\",\"itemListElement\":[{\"@type\":\"ListItem\",\"position\":1,\"name\":\"Home\",\"item\":\"https:\/\/www.dr-staedtler.de\/sofort-kredit\/\"},{\"@type\":\"ListItem\",\"position\":2,\"name\":\"Diese verschiedenen Kreditarten und Verwendungszwecke gibt es\",\"item\":\"https:\/\/www.dr-staedtler.de\/sofort-kredit\/arten\"},{\"@type\":\"ListItem\",\"position\":3,\"name\":\"Kredit f\u00fcr Lehrer\"}]},{\"@type\":\"WebSite\",\"@id\":\"http:\/\/www.dr-staedtler.de\/sofort-kredit\/#website\",\"url\":\"http:\/\/www.dr-staedtler.de\/sofort-kredit\/\",\"name\":\"Sofortkredit\",\"description\":\"Der Sofortkredit im unabh\u00e4ngigen Vergleich\",\"potentialAction\":[{\"@type\":\"SearchAction\",\"target\":{\"@type\":\"EntryPoint\",\"urlTemplate\":\"http:\/\/www.dr-staedtler.de\/sofort-kredit\/?s={search_term_string}\"},\"query-input\":{\"@type\":\"PropertyValueSpecification\",\"valueRequired\":true,\"valueName\":\"search_term_string\"}}],\"inLanguage\":\"de\"}]}<\/script>\n<!-- \/ Yoast SEO plugin. -->","yoast_head_json":{"title":"Kredit f\u00fcr Lehrer - Jetzt vergleichen und beantragen","description":"Kredit f\u00fcr Lehrer: Lehrer erhalten jederzeit einen Sofortkredit mit g\u00fcnstigen Konditionen, zahlreiche Banken bieten ihn an.","robots":{"index":"index","follow":"follow","max-snippet":"max-snippet:-1","max-image-preview":"max-image-preview:large","max-video-preview":"max-video-preview:-1"},"canonical":"https:\/\/www.dr-staedtler.de\/sofort-kredit\/arten\/fuer-lehrer","og_locale":"de_DE","og_type":"article","og_title":"Kredit f\u00fcr Lehrer - Jetzt vergleichen und beantragen","og_description":"Kredit f\u00fcr Lehrer: Lehrer erhalten jederzeit einen Sofortkredit mit g\u00fcnstigen Konditionen, zahlreiche Banken bieten ihn an.","og_url":"https:\/\/www.dr-staedtler.de\/sofort-kredit\/arten\/fuer-lehrer","og_site_name":"Sofortkredit","article_modified_time":"2017-05-23T10:11:56+00:00","og_image":[{"url":"http:\/\/www.dr-staedtler.de\/sofort-kredit\/wp-content\/uploads\/2012\/08\/lehrerkredit-300x200.jpg","type":"","width":"","height":""}],"twitter_card":"summary_large_image","twitter_misc":{"Gesch\u00e4tzte Lesezeit":"2\u00a0Minuten"},"schema":{"@context":"https:\/\/schema.org","@graph":[{"@type":"WebPage","@id":"https:\/\/www.dr-staedtler.de\/sofort-kredit\/arten\/fuer-lehrer","url":"https:\/\/www.dr-staedtler.de\/sofort-kredit\/arten\/fuer-lehrer","name":"Kredit f\u00fcr Lehrer - Jetzt vergleichen und beantragen","isPartOf":{"@id":"http:\/\/www.dr-staedtler.de\/sofort-kredit\/#website"},"primaryImageOfPage":{"@id":"https:\/\/www.dr-staedtler.de\/sofort-kredit\/arten\/fuer-lehrer#primaryimage"},"image":{"@id":"https:\/\/www.dr-staedtler.de\/sofort-kredit\/arten\/fuer-lehrer#primaryimage"},"thumbnailUrl":"http:\/\/www.dr-staedtler.de\/sofort-kredit\/wp-content\/uploads\/2012\/08\/lehrerkredit-300x200.jpg","datePublished":"2012-08-28T11:26:31+00:00","dateModified":"2017-05-23T10:11:56+00:00","description":"Kredit f\u00fcr Lehrer: Lehrer erhalten jederzeit einen Sofortkredit mit g\u00fcnstigen Konditionen, zahlreiche Banken bieten ihn an.","breadcrumb":{"@id":"https:\/\/www.dr-staedtler.de\/sofort-kredit\/arten\/fuer-lehrer#breadcrumb"},"inLanguage":"de","potentialAction":[{"@type":"ReadAction","target":["https:\/\/www.dr-staedtler.de\/sofort-kredit\/arten\/fuer-lehrer"]}]},{"@type":"ImageObject","inLanguage":"de","@id":"https:\/\/www.dr-staedtler.de\/sofort-kredit\/arten\/fuer-lehrer#primaryimage","url":"http:\/\/www.dr-staedtler.de\/sofort-kredit\/wp-content\/uploads\/2012\/08\/lehrerkredit.jpg","contentUrl":"http:\/\/www.dr-staedtler.de\/sofort-kredit\/wp-content\/uploads\/2012\/08\/lehrerkredit.jpg","width":"424","height":"283","caption":"Die richtigen Konditionen f\u00fcr einen Lehrer-Kredit"},{"@type":"BreadcrumbList","@id":"https:\/\/www.dr-staedtler.de\/sofort-kredit\/arten\/fuer-lehrer#breadcrumb","itemListElement":[{"@type":"ListItem","position":1,"name":"Home","item":"https:\/\/www.dr-staedtler.de\/sofort-kredit\/"},{"@type":"ListItem","position":2,"name":"Diese verschiedenen Kreditarten und Verwendungszwecke gibt es","item":"https:\/\/www.dr-staedtler.de\/sofort-kredit\/arten"},{"@type":"ListItem","position":3,"name":"Kredit f\u00fcr Lehrer"}]},{"@type":"WebSite","@id":"http:\/\/www.dr-staedtler.de\/sofort-kredit\/#website","url":"http:\/\/www.dr-staedtler.de\/sofort-kredit\/","name":"Sofortkredit","description":"Der Sofortkredit im unabh\u00e4ngigen Vergleich","potentialAction":[{"@type":"SearchAction","target":{"@type":"EntryPoint","urlTemplate":"http:\/\/www.dr-staedtler.de\/sofort-kredit\/?s={search_term_string}"},"query-input":{"@type":"PropertyValueSpecification","valueRequired":true,"valueName":"search_term_string"}}],"inLanguage":"de"}]}},"_links":{"self":[{"href":"http:\/\/www.dr-staedtler.de\/sofort-kredit\/wp-json\/wp\/v2\/pages\/964","targetHints":{"allow":["GET"]}}],"collection":[{"href":"http:\/\/www.dr-staedtler.de\/sofort-kredit\/wp-json\/wp\/v2\/pages"}],"about":[{"href":"http:\/\/www.dr-staedtler.de\/sofort-kredit\/wp-json\/wp\/v2\/types\/page"}],"author":[{"embeddable":true,"href":"http:\/\/www.dr-staedtler.de\/sofort-kredit\/wp-json\/wp\/v2\/users\/2"}],"replies":[{"embeddable":true,"href":"http:\/\/www.dr-staedtler.de\/sofort-kredit\/wp-json\/wp\/v2\/comments?post=964"}],"version-history":[{"count":4,"href":"http:\/\/www.dr-staedtler.de\/sofort-kredit\/wp-json\/wp\/v2\/pages\/964\/revisions"}],"predecessor-version":[{"id":2546,"href":"http:\/\/www.dr-staedtler.de\/sofort-kredit\/wp-json\/wp\/v2\/pages\/964\/revisions\/2546"}],"up":[{"embeddable":true,"href":"http:\/\/www.dr-staedtler.de\/sofort-kredit\/wp-json\/wp\/v2\/pages\/1081"}],"wp:attachment":[{"href":"http:\/\/www.dr-staedtler.de\/sofort-kredit\/wp-json\/wp\/v2\/media?parent=964"}],"curies":[{"name":"wp","href":"https:\/\/api.w.org\/{rel}","templated":true}]}}