{"id":958,"date":"2012-08-28T12:24:56","date_gmt":"2012-08-28T10:24:56","guid":{"rendered":"http:\/\/www.sofort-kredit.net\/?page_id=958"},"modified":"2017-05-23T12:08:26","modified_gmt":"2017-05-23T10:08:26","slug":"fuer-casinos","status":"publish","type":"page","link":"http:\/\/www.dr-staedtler.de\/sofort-kredit\/arten\/fuer-casinos","title":{"rendered":"Kredit f\u00fcr Casinos"},"content":{"rendered":"<p>Das Spiel im Casino setzt auf Gl\u00fcck und auf Geld. Je mehr Geld im Besitz ist, desto l\u00e4nger kann gespielt werden. Doch wie kommt ein Spieler schnell und g\u00fcnstig an eine passende Kreditsumme? Ein <strong>Kredit f\u00fcr Casinos<\/strong> kann helfen.<br \/>\n<script defer=\"\" async=\"\" data-affiliateid=\"9e1fdf7f\" data-placementid=\"783582278\" data-amount=\"10000\" data-category=\"\" data-duration=\"84\" src=\"https:\/\/www.smava.de\/pp\/smava-kreditvergleich\/main.js\"><\/script><br \/>\nDas Spielen im Casino ist ein Gl\u00fccksspiel. Dennoch gibt es einzelne Faktoren, die Einfluss auf den Spielhergang haben. Beispielsweise das Risikomanagement und eine Analyse des jeweiligen Spieles. Professionelle Spieler wissen immer, wie viel Geld im Spiel eingesetzt werden muss, wie das Spiel in der Materie funktioniert und k\u00f6nnen daher R\u00fcckschl\u00fcsse ziehen. Das beste Beispiel ist Roulette. Ein Spieler setzt eine Summe von 50 Euro bei einer Bankroll von 1000 Euro. Also ein <strong>Risikomanagement<\/strong> von f\u00fcnf Prozent. Gleichzeitig achtet der Spieler immer auf die Farben. Ist Rot beispielsweise dreimal hintereinander aufgetaucht, dann ist die Wahrscheinlichkeit sehr hoch, dass die Kugel in der n\u00e4chsten Runde auf Schwarz landet. Also setzt er die 50 Euro. Auf diese Weise ist das <strong>Spielen im Casino weniger riskant<\/strong>. Dennoch ist eines essenziell. Ist man professioneller Spieler, dann wird eine entsprechende <strong>Geldsumme<\/strong> ben\u00f6tigt, um ein Spiel mit Erfolg umzusetzen. Steht nicht gen\u00fcgend Eigenkapital zur Verf\u00fcgung, dann k\u00e4me auch die Aufnahme eines Kredites f\u00fcr Casinos in Frage. Doch wo findet man einen <a href=\"http:\/\/www.dr-staedtler.de\/sofort-kredit\/gunstige-kredite\">g\u00fcnstigen Kredit<\/a>, worauf muss geachtet werden und welche Tarife sind relevant?<\/p>\n<h2>Einen g\u00fcnstigen Tarif ausfindig machen<\/h2>\n<p><img loading=\"lazy\" decoding=\"async\" class=\"alignleft size-medium wp-image-1135\" style=\"margin-right: 10px; margin-bottom: 8px; border: 1px solid grey;\" title=\"Kredit zum Spielen im Casino\" src=\"http:\/\/www.dr-staedtler.de\/sofort-kredit\/wp-content\/uploads\/2012\/08\/casino-300x225.jpg\" alt=\"Kredit zum Spielen im Casino\" width=\"300\" height=\"225\" srcset=\"http:\/\/www.dr-staedtler.de\/sofort-kredit\/wp-content\/uploads\/2012\/08\/casino-300x225.jpg 300w, http:\/\/www.dr-staedtler.de\/sofort-kredit\/wp-content\/uploads\/2012\/08\/casino.jpg 400w\" sizes=\"auto, (max-width: 300px) 100vw, 300px\" \/>Die Auswahl existierender Tarife ist vielf\u00e4ltig. Es gibt Hypotheken, Annuit\u00e4tendarlehen, Privatkredite, Kleinkredite und Dispositionskredite. F\u00fcr das Spielen ist ein <strong>Kredit f\u00fcr Casino<\/strong> oder ein Privatkredit eine gute Wahl. Privatkredite besitzen in der Regel g\u00fcnstigere Zinss\u00e4tze als Darlehen. Spieler sollten bei der Aufnahme eines Kredites immer auf den Leitzins der EZB achten. Ist der Leitzins niedrig, dann passen sich Kreditzinsen an. Daher sollte vor Aufnahme darauf geachtet werden das mit einer festen Verzinsung gearbeitet wird. Eine variable Verzinsung bedeutet, dass sich der Zinssatz jederzeit dem Leitzins der EZB anpassen kann.<\/p>\n<h3>Der richtige Zeitpunkt<\/h3>\n<p>Nimmt man einen <strong>privaten Kredit<\/strong> zu einem Zeitpunkt auf, an dem der Leitzinsen niedrig ist, dann bedeutet das automatisch, dass der Zinssatz nur schwerlich weiter sinken k\u00f6nnte. Vorteile, die f\u00fcr den Kredit f\u00fcr Casino wichtig sind. Zudem ist es empfehlenswert, dass vorab ein Kreditvergleich get\u00e4tigt wird. Kreditvergleiche sind unabh\u00e4ngig und kostenlos. Hier sollte tariflich <a href=\"http:\/\/www.dr-staedtler.de\/sofort-kredit\/fragen\/benotige-ich-eine-restschuldversicherung\">auf eine zus\u00e4tzliche Restschuldversicherung geachtet<\/a> werden. Das Spiel im Casino baut auf Zufall auf. Verliert der Spieler die komplette Kreditsumme, so muss der Kredit getilgt werden. Andererseits kann ein Insolvenzverfahren eingeleitet werden. Eine <strong>Restschuldversicherung<\/strong> kann vor einem Zahlungsausfall bewahren. Werden diese Einzelheiten beachtet, dann kann ein Spieler vom Risikomanagement \u00fcber die Wahrscheinlichkeitsberechnung bis zum passenden Kredit mit optimalen Voraussetzungen rechnen.<\/p>\n","protected":false},"excerpt":{"rendered":"<p>Das Spiel im Casino setzt auf Gl\u00fcck und auf Geld. Je mehr Geld im Besitz ist, desto l\u00e4nger kann gespielt werden. Doch wie kommt ein Spieler schnell und g\u00fcnstig an eine passende Kreditsumme? Ein Kredit f\u00fcr Casinos kann helfen. Das Spielen im Casino ist ein Gl\u00fccksspiel. Dennoch gibt es einzelne Faktoren, die Einfluss auf den [&hellip;]<\/p>\n","protected":false},"author":2,"featured_media":0,"parent":1081,"menu_order":0,"comment_status":"closed","ping_status":"open","template":"templates\/sidebar-right.php","meta":{"footnotes":""},"class_list":["post-958","page","type-page","status-publish","hentry"],"yoast_head":"<!-- This site is optimized with the Yoast SEO plugin v24.6 - https:\/\/yoast.com\/wordpress\/plugins\/seo\/ -->\n<title>Kredit f\u00fcr Casinos - Jetzt g\u00fcnstigen Kredit sichern<\/title>\n<meta name=\"description\" content=\"Jetzt g\u00fcnstigen Kredit sichern: Den richtigen Kredit f\u00fcr das Gl\u00fccksspiel im Casino finden, damit auf Gl\u00fcck und Geld gesetzt werden kann\" \/>\n<meta name=\"robots\" content=\"index, follow, max-snippet:-1, max-image-preview:large, max-video-preview:-1\" \/>\n<link rel=\"canonical\" href=\"https:\/\/www.dr-staedtler.de\/sofort-kredit\/arten\/fuer-casinos\" \/>\n<meta property=\"og:locale\" content=\"de_DE\" \/>\n<meta property=\"og:type\" content=\"article\" \/>\n<meta property=\"og:title\" content=\"Kredit f\u00fcr Casinos - Jetzt g\u00fcnstigen Kredit sichern\" \/>\n<meta property=\"og:description\" content=\"Jetzt g\u00fcnstigen Kredit sichern: Den richtigen Kredit f\u00fcr das Gl\u00fccksspiel im Casino finden, damit auf Gl\u00fcck und Geld gesetzt werden kann\" \/>\n<meta property=\"og:url\" content=\"https:\/\/www.dr-staedtler.de\/sofort-kredit\/arten\/fuer-casinos\" \/>\n<meta property=\"og:site_name\" content=\"Sofortkredit\" \/>\n<meta property=\"article:modified_time\" content=\"2017-05-23T10:08:26+00:00\" \/>\n<meta property=\"og:image\" content=\"http:\/\/www.dr-staedtler.de\/sofort-kredit\/wp-content\/uploads\/2012\/08\/casino-300x225.jpg\" \/>\n<meta name=\"twitter:card\" content=\"summary_large_image\" \/>\n<meta name=\"twitter:label1\" content=\"Gesch\u00e4tzte Lesezeit\" \/>\n\t<meta name=\"twitter:data1\" content=\"2\u00a0Minuten\" \/>\n<script type=\"application\/ld+json\" class=\"yoast-schema-graph\">{\"@context\":\"https:\/\/schema.org\",\"@graph\":[{\"@type\":\"WebPage\",\"@id\":\"https:\/\/www.dr-staedtler.de\/sofort-kredit\/arten\/fuer-casinos\",\"url\":\"https:\/\/www.dr-staedtler.de\/sofort-kredit\/arten\/fuer-casinos\",\"name\":\"Kredit f\u00fcr Casinos - Jetzt g\u00fcnstigen Kredit sichern\",\"isPartOf\":{\"@id\":\"http:\/\/www.dr-staedtler.de\/sofort-kredit\/#website\"},\"primaryImageOfPage\":{\"@id\":\"https:\/\/www.dr-staedtler.de\/sofort-kredit\/arten\/fuer-casinos#primaryimage\"},\"image\":{\"@id\":\"https:\/\/www.dr-staedtler.de\/sofort-kredit\/arten\/fuer-casinos#primaryimage\"},\"thumbnailUrl\":\"http:\/\/www.dr-staedtler.de\/sofort-kredit\/wp-content\/uploads\/2012\/08\/casino-300x225.jpg\",\"datePublished\":\"2012-08-28T10:24:56+00:00\",\"dateModified\":\"2017-05-23T10:08:26+00:00\",\"description\":\"Jetzt g\u00fcnstigen Kredit sichern: Den richtigen Kredit f\u00fcr das Gl\u00fccksspiel im Casino finden, damit auf Gl\u00fcck und Geld gesetzt werden kann\",\"breadcrumb\":{\"@id\":\"https:\/\/www.dr-staedtler.de\/sofort-kredit\/arten\/fuer-casinos#breadcrumb\"},\"inLanguage\":\"de\",\"potentialAction\":[{\"@type\":\"ReadAction\",\"target\":[\"https:\/\/www.dr-staedtler.de\/sofort-kredit\/arten\/fuer-casinos\"]}]},{\"@type\":\"ImageObject\",\"inLanguage\":\"de\",\"@id\":\"https:\/\/www.dr-staedtler.de\/sofort-kredit\/arten\/fuer-casinos#primaryimage\",\"url\":\"http:\/\/www.dr-staedtler.de\/sofort-kredit\/wp-content\/uploads\/2012\/08\/casino.jpg\",\"contentUrl\":\"http:\/\/www.dr-staedtler.de\/sofort-kredit\/wp-content\/uploads\/2012\/08\/casino.jpg\",\"width\":\"400\",\"height\":\"300\",\"caption\":\"Kredit zum Spielen im Casino\"},{\"@type\":\"BreadcrumbList\",\"@id\":\"https:\/\/www.dr-staedtler.de\/sofort-kredit\/arten\/fuer-casinos#breadcrumb\",\"itemListElement\":[{\"@type\":\"ListItem\",\"position\":1,\"name\":\"Home\",\"item\":\"https:\/\/www.dr-staedtler.de\/sofort-kredit\/\"},{\"@type\":\"ListItem\",\"position\":2,\"name\":\"Diese verschiedenen Kreditarten und Verwendungszwecke gibt es\",\"item\":\"https:\/\/www.dr-staedtler.de\/sofort-kredit\/arten\"},{\"@type\":\"ListItem\",\"position\":3,\"name\":\"Kredit f\u00fcr Casinos\"}]},{\"@type\":\"WebSite\",\"@id\":\"http:\/\/www.dr-staedtler.de\/sofort-kredit\/#website\",\"url\":\"http:\/\/www.dr-staedtler.de\/sofort-kredit\/\",\"name\":\"Sofortkredit\",\"description\":\"Der Sofortkredit im unabh\u00e4ngigen Vergleich\",\"potentialAction\":[{\"@type\":\"SearchAction\",\"target\":{\"@type\":\"EntryPoint\",\"urlTemplate\":\"http:\/\/www.dr-staedtler.de\/sofort-kredit\/?s={search_term_string}\"},\"query-input\":{\"@type\":\"PropertyValueSpecification\",\"valueRequired\":true,\"valueName\":\"search_term_string\"}}],\"inLanguage\":\"de\"}]}<\/script>\n<!-- \/ Yoast SEO plugin. -->","yoast_head_json":{"title":"Kredit f\u00fcr Casinos - Jetzt g\u00fcnstigen Kredit sichern","description":"Jetzt g\u00fcnstigen Kredit sichern: Den richtigen Kredit f\u00fcr das Gl\u00fccksspiel im Casino finden, damit auf Gl\u00fcck und Geld gesetzt werden kann","robots":{"index":"index","follow":"follow","max-snippet":"max-snippet:-1","max-image-preview":"max-image-preview:large","max-video-preview":"max-video-preview:-1"},"canonical":"https:\/\/www.dr-staedtler.de\/sofort-kredit\/arten\/fuer-casinos","og_locale":"de_DE","og_type":"article","og_title":"Kredit f\u00fcr Casinos - Jetzt g\u00fcnstigen Kredit sichern","og_description":"Jetzt g\u00fcnstigen Kredit sichern: Den richtigen Kredit f\u00fcr das Gl\u00fccksspiel im Casino finden, damit auf Gl\u00fcck und Geld gesetzt werden kann","og_url":"https:\/\/www.dr-staedtler.de\/sofort-kredit\/arten\/fuer-casinos","og_site_name":"Sofortkredit","article_modified_time":"2017-05-23T10:08:26+00:00","og_image":[{"url":"http:\/\/www.dr-staedtler.de\/sofort-kredit\/wp-content\/uploads\/2012\/08\/casino-300x225.jpg","type":"","width":"","height":""}],"twitter_card":"summary_large_image","twitter_misc":{"Gesch\u00e4tzte Lesezeit":"2\u00a0Minuten"},"schema":{"@context":"https:\/\/schema.org","@graph":[{"@type":"WebPage","@id":"https:\/\/www.dr-staedtler.de\/sofort-kredit\/arten\/fuer-casinos","url":"https:\/\/www.dr-staedtler.de\/sofort-kredit\/arten\/fuer-casinos","name":"Kredit f\u00fcr Casinos - Jetzt g\u00fcnstigen Kredit sichern","isPartOf":{"@id":"http:\/\/www.dr-staedtler.de\/sofort-kredit\/#website"},"primaryImageOfPage":{"@id":"https:\/\/www.dr-staedtler.de\/sofort-kredit\/arten\/fuer-casinos#primaryimage"},"image":{"@id":"https:\/\/www.dr-staedtler.de\/sofort-kredit\/arten\/fuer-casinos#primaryimage"},"thumbnailUrl":"http:\/\/www.dr-staedtler.de\/sofort-kredit\/wp-content\/uploads\/2012\/08\/casino-300x225.jpg","datePublished":"2012-08-28T10:24:56+00:00","dateModified":"2017-05-23T10:08:26+00:00","description":"Jetzt g\u00fcnstigen Kredit sichern: Den richtigen Kredit f\u00fcr das Gl\u00fccksspiel im Casino finden, damit auf Gl\u00fcck und Geld gesetzt werden kann","breadcrumb":{"@id":"https:\/\/www.dr-staedtler.de\/sofort-kredit\/arten\/fuer-casinos#breadcrumb"},"inLanguage":"de","potentialAction":[{"@type":"ReadAction","target":["https:\/\/www.dr-staedtler.de\/sofort-kredit\/arten\/fuer-casinos"]}]},{"@type":"ImageObject","inLanguage":"de","@id":"https:\/\/www.dr-staedtler.de\/sofort-kredit\/arten\/fuer-casinos#primaryimage","url":"http:\/\/www.dr-staedtler.de\/sofort-kredit\/wp-content\/uploads\/2012\/08\/casino.jpg","contentUrl":"http:\/\/www.dr-staedtler.de\/sofort-kredit\/wp-content\/uploads\/2012\/08\/casino.jpg","width":"400","height":"300","caption":"Kredit zum Spielen im Casino"},{"@type":"BreadcrumbList","@id":"https:\/\/www.dr-staedtler.de\/sofort-kredit\/arten\/fuer-casinos#breadcrumb","itemListElement":[{"@type":"ListItem","position":1,"name":"Home","item":"https:\/\/www.dr-staedtler.de\/sofort-kredit\/"},{"@type":"ListItem","position":2,"name":"Diese verschiedenen Kreditarten und Verwendungszwecke gibt es","item":"https:\/\/www.dr-staedtler.de\/sofort-kredit\/arten"},{"@type":"ListItem","position":3,"name":"Kredit f\u00fcr Casinos"}]},{"@type":"WebSite","@id":"http:\/\/www.dr-staedtler.de\/sofort-kredit\/#website","url":"http:\/\/www.dr-staedtler.de\/sofort-kredit\/","name":"Sofortkredit","description":"Der Sofortkredit im unabh\u00e4ngigen Vergleich","potentialAction":[{"@type":"SearchAction","target":{"@type":"EntryPoint","urlTemplate":"http:\/\/www.dr-staedtler.de\/sofort-kredit\/?s={search_term_string}"},"query-input":{"@type":"PropertyValueSpecification","valueRequired":true,"valueName":"search_term_string"}}],"inLanguage":"de"}]}},"_links":{"self":[{"href":"http:\/\/www.dr-staedtler.de\/sofort-kredit\/wp-json\/wp\/v2\/pages\/958","targetHints":{"allow":["GET"]}}],"collection":[{"href":"http:\/\/www.dr-staedtler.de\/sofort-kredit\/wp-json\/wp\/v2\/pages"}],"about":[{"href":"http:\/\/www.dr-staedtler.de\/sofort-kredit\/wp-json\/wp\/v2\/types\/page"}],"author":[{"embeddable":true,"href":"http:\/\/www.dr-staedtler.de\/sofort-kredit\/wp-json\/wp\/v2\/users\/2"}],"replies":[{"embeddable":true,"href":"http:\/\/www.dr-staedtler.de\/sofort-kredit\/wp-json\/wp\/v2\/comments?post=958"}],"version-history":[{"count":3,"href":"http:\/\/www.dr-staedtler.de\/sofort-kredit\/wp-json\/wp\/v2\/pages\/958\/revisions"}],"predecessor-version":[{"id":2532,"href":"http:\/\/www.dr-staedtler.de\/sofort-kredit\/wp-json\/wp\/v2\/pages\/958\/revisions\/2532"}],"up":[{"embeddable":true,"href":"http:\/\/www.dr-staedtler.de\/sofort-kredit\/wp-json\/wp\/v2\/pages\/1081"}],"wp:attachment":[{"href":"http:\/\/www.dr-staedtler.de\/sofort-kredit\/wp-json\/wp\/v2\/media?parent=958"}],"curies":[{"name":"wp","href":"https:\/\/api.w.org\/{rel}","templated":true}]}}