{"id":87,"date":"2010-06-22T23:18:04","date_gmt":"2010-06-22T21:18:04","guid":{"rendered":"http:\/\/www.sofort-kredit.net\/?page_id=87"},"modified":"2017-03-25T21:42:14","modified_gmt":"2017-03-25T19:42:14","slug":"sofortkredit-schufa","status":"publish","type":"page","link":"http:\/\/www.dr-staedtler.de\/sofort-kredit\/sofortkredit-schufa","title":{"rendered":"Sofortkredit und die Auskunft der Schufa"},"content":{"rendered":"<p>W\u00e4hrend bei klassischen Bankkrediten eine umfassende Bonit\u00e4tspr\u00fcfung erfolgt, bevor der Kredit bewilligt wird, so sind bei einem Sofortkredit Abfragen der Schufa eher un\u00fcblich. Viele Banken bieten mittlerweile einen Kredit ohne Schufa an, um auch Kunden in einer schwierigen wirtschaftlichen Lage Finanzierungen gew\u00e4hren zu k\u00f6nnen.<br \/>\n<a href=\"kreditrechner\"><img decoding=\"async\" src=\"http:\/\/www.dr-staedtler.de\/sofort-kredit\/zumvergleich.png\" alt=\"Zum Sofortkredit Rechner\" \/><\/a><\/p>\n<h2>Zahl der Sofortkredite ohne Schufa steigt<\/h2>\n<p>In der heutigen Zeit werden von Verbrauchen so viele Kredite aufgenommen wie nie zuvor. Nahezu jeder Wunsch kann fremd finanziert werden \u2013 von der Wohnungseinrichtung \u00fcber das Fahrzeug bis hin <a href=\"http:\/\/www.dr-staedtler.de\/sofort-kredit\/arten\/fuer-urlaub\">zum n\u00e4chsten Urlaub<\/a>. Wer das Geld nicht auf der hohen Kante hat, geht zur Bank und beantragt einen Kredit. Doch nicht immer ist das so einfach \u2013 hat man negative Eintr\u00e4ge in der Schufa stehen, so wird der klassische Kredit von den meisten Banken abgelehnt.<\/p>\n<h3>Negativer Schufa Eintrag wegen Kleinigkeiten<\/h3>\n<p>Ein negativer Schufa-Eintrag hat sich schnell: Wer einmal einen kleinen Disput mit einer Mobilfunkgesellschaft hatte, ist wom\u00f6glich schon gelistet. In vielen F\u00e4llen ist es sogar so, dass die Betroffenen selbst gar nichts f\u00fcr ihren Schufa-Eintrag k\u00f6nnen, ihnen aber dennoch Kredite und andere Leistungen verweigert bleiben.<\/p>\n<h2>Sofortkredit mit negativen Eintr\u00e4gen bei der Schufa<\/h2>\n<p>F\u00fcr diesen Fall gibt es den Sofortkredit ohne Schufa. Dieser ist nicht nur deswegen so beliebt, weil der Sofortkredit Schufa Abfragen vermeidet, sondern auch deshalb, weil das ben\u00f6tigte Geld sehr schnell zur Auszahlung kommt. Gerade wenn schnell Liquidit\u00e4t ben\u00f6tigt wird, ist der Sofortkredit die richtige Wahl.<\/p>\n<h3>\u00c4hnlich wie ein Ratenkredit<\/h3>\n<p>Der Sofortkredit wird zur\u00fcckbezahlt wie ein normaler Ratenkredit. Es wird ein bestimmter R\u00fcckzahlungszeitraum definiert, und die H\u00f6he der monatlichen Raten daran angepasst. Je h\u00f6her die Kreditsumme und je k\u00fcrzer die Laufzeit, umso h\u00f6her fallen die Ratenzahlungen aus.<\/p>\n<h2>Seri\u00f6se und unseri\u00f6se Anbieter<\/h2>\n<p>Seri\u00f6se Sofortkreditangebote erkennt man daran, dass sie einen fairen R\u00fcckzahlungszeitraum zur Verf\u00fcgung stellen. Unseri\u00f6se Angebote gehen meist mit sehr kurzen Laufzeiten und horrenden Zinss\u00e4tzen einher, was den Kreditnehmer letzten Endes erst recht in die Schuldenfalle treibt.<\/p>\n<h3>Sofortkredit Angebote durch Vermittler<\/h3>\n<p>H\u00e4ufig werden Sofortkredite von Kreditvermittlern, und nicht von den Kreditinstituten selbst angeboten. Der Kreditvermittler kennt sich in der Bankenlandschaft meist sehr gut aus und wei\u00df, welche Bank auch einen Sofortkredit ohne Schufa gew\u00e4hrt. Zudem \u00fcbernimmt der Kreditvermittler die Zusammenarbeit mit der Bank, sodass der Kreditnehmer letzten Endes nur noch den fertigen Darlehensvertrag unterschreiben muss. Zwar ist die Arbeit des Kreditvermittlers an eine Provision gebunden, aber diese f\u00e4llt meist geringf\u00fcgig aus. Einen ausf\u00fchrlichen Kredit Vergleich sollte jeder Kreditsuchende vor dem Kreditantrag ausf\u00fchren.<\/p>\n<p>Weiterf\u00fchrende Informationen:<\/p>\n<ul>\n<li><a href=\"http:\/\/www.kreditexperte.org\/kreditvergleich.html\">http:\/\/www.kreditexperte.org\/<\/a><\/li>\n<\/ul>\n","protected":false},"excerpt":{"rendered":"<p>W\u00e4hrend bei klassischen Bankkrediten eine umfassende Bonit\u00e4tspr\u00fcfung erfolgt, bevor der Kredit bewilligt wird, so sind bei einem Sofortkredit Abfragen der Schufa eher un\u00fcblich. Viele Banken bieten mittlerweile einen Kredit ohne Schufa an, um auch Kunden in einer schwierigen wirtschaftlichen Lage Finanzierungen gew\u00e4hren zu k\u00f6nnen. Zahl der Sofortkredite ohne Schufa steigt In der heutigen Zeit werden [&hellip;]<\/p>\n","protected":false},"author":2,"featured_media":0,"parent":0,"menu_order":0,"comment_status":"closed","ping_status":"open","template":"templates\/sidebar-right.php","meta":{"footnotes":""},"class_list":["post-87","page","type-page","status-publish","hentry"],"yoast_head":"<!-- This site is optimized with the Yoast SEO plugin v24.6 - https:\/\/yoast.com\/wordpress\/plugins\/seo\/ -->\n<title>\u25b7 Sofortkredit ohne Schufa Auskunft \u25b7 mit Sofortzusage<\/title>\n<meta name=\"description\" content=\"Sofortkredit ohne Schufa Auskunft \u2714 100% unabh\u00e4ngig und kostenloser Vergleich der Angebote ohne Schufa Abfrage \u2714 ab 500\u20ac m\u00f6glich \u2714 Teils mit Sofortzusage\" \/>\n<meta name=\"robots\" content=\"index, follow, max-snippet:-1, max-image-preview:large, max-video-preview:-1\" \/>\n<link rel=\"canonical\" href=\"https:\/\/www.dr-staedtler.de\/sofort-kredit\/sofortkredit-schufa\" \/>\n<meta property=\"og:locale\" content=\"de_DE\" \/>\n<meta property=\"og:type\" content=\"article\" \/>\n<meta property=\"og:title\" content=\"\u25b7 Sofortkredit ohne Schufa Auskunft \u25b7 mit Sofortzusage\" \/>\n<meta property=\"og:description\" content=\"Sofortkredit ohne Schufa Auskunft \u2714 100% unabh\u00e4ngig und kostenloser Vergleich der Angebote ohne Schufa Abfrage \u2714 ab 500\u20ac m\u00f6glich \u2714 Teils mit Sofortzusage\" \/>\n<meta property=\"og:url\" content=\"https:\/\/www.dr-staedtler.de\/sofort-kredit\/sofortkredit-schufa\" \/>\n<meta property=\"og:site_name\" content=\"Sofortkredit\" \/>\n<meta property=\"article:modified_time\" content=\"2017-03-25T19:42:14+00:00\" \/>\n<meta property=\"og:image\" content=\"http:\/\/www.dr-staedtler.de\/sofort-kredit\/zumvergleich.png\" \/>\n<meta name=\"twitter:card\" content=\"summary_large_image\" \/>\n<meta name=\"twitter:label1\" content=\"Gesch\u00e4tzte Lesezeit\" \/>\n\t<meta name=\"twitter:data1\" content=\"2\u00a0Minuten\" \/>\n<script type=\"application\/ld+json\" class=\"yoast-schema-graph\">{\"@context\":\"https:\/\/schema.org\",\"@graph\":[{\"@type\":\"WebPage\",\"@id\":\"https:\/\/www.dr-staedtler.de\/sofort-kredit\/sofortkredit-schufa\",\"url\":\"https:\/\/www.dr-staedtler.de\/sofort-kredit\/sofortkredit-schufa\",\"name\":\"\u25b7 Sofortkredit ohne Schufa Auskunft \u25b7 mit Sofortzusage\",\"isPartOf\":{\"@id\":\"http:\/\/www.dr-staedtler.de\/sofort-kredit\/#website\"},\"primaryImageOfPage\":{\"@id\":\"https:\/\/www.dr-staedtler.de\/sofort-kredit\/sofortkredit-schufa#primaryimage\"},\"image\":{\"@id\":\"https:\/\/www.dr-staedtler.de\/sofort-kredit\/sofortkredit-schufa#primaryimage\"},\"thumbnailUrl\":\"http:\/\/www.dr-staedtler.de\/sofort-kredit\/zumvergleich.png\",\"datePublished\":\"2010-06-22T21:18:04+00:00\",\"dateModified\":\"2017-03-25T19:42:14+00:00\",\"description\":\"Sofortkredit ohne Schufa Auskunft \u2714 100% unabh\u00e4ngig und kostenloser Vergleich der Angebote ohne Schufa Abfrage \u2714 ab 500\u20ac m\u00f6glich \u2714 Teils mit Sofortzusage\",\"breadcrumb\":{\"@id\":\"https:\/\/www.dr-staedtler.de\/sofort-kredit\/sofortkredit-schufa#breadcrumb\"},\"inLanguage\":\"de\",\"potentialAction\":[{\"@type\":\"ReadAction\",\"target\":[\"https:\/\/www.dr-staedtler.de\/sofort-kredit\/sofortkredit-schufa\"]}]},{\"@type\":\"ImageObject\",\"inLanguage\":\"de\",\"@id\":\"https:\/\/www.dr-staedtler.de\/sofort-kredit\/sofortkredit-schufa#primaryimage\",\"url\":\"http:\/\/www.dr-staedtler.de\/sofort-kredit\/zumvergleich.png\",\"contentUrl\":\"http:\/\/www.dr-staedtler.de\/sofort-kredit\/zumvergleich.png\"},{\"@type\":\"BreadcrumbList\",\"@id\":\"https:\/\/www.dr-staedtler.de\/sofort-kredit\/sofortkredit-schufa#breadcrumb\",\"itemListElement\":[{\"@type\":\"ListItem\",\"position\":1,\"name\":\"Home\",\"item\":\"https:\/\/www.dr-staedtler.de\/sofort-kredit\/\"},{\"@type\":\"ListItem\",\"position\":2,\"name\":\"Sofortkredit und die Auskunft der Schufa\"}]},{\"@type\":\"WebSite\",\"@id\":\"http:\/\/www.dr-staedtler.de\/sofort-kredit\/#website\",\"url\":\"http:\/\/www.dr-staedtler.de\/sofort-kredit\/\",\"name\":\"Sofortkredit\",\"description\":\"Der Sofortkredit im unabh\u00e4ngigen Vergleich\",\"potentialAction\":[{\"@type\":\"SearchAction\",\"target\":{\"@type\":\"EntryPoint\",\"urlTemplate\":\"http:\/\/www.dr-staedtler.de\/sofort-kredit\/?s={search_term_string}\"},\"query-input\":{\"@type\":\"PropertyValueSpecification\",\"valueRequired\":true,\"valueName\":\"search_term_string\"}}],\"inLanguage\":\"de\"}]}<\/script>\n<!-- \/ Yoast SEO plugin. -->","yoast_head_json":{"title":"\u25b7 Sofortkredit ohne Schufa Auskunft \u25b7 mit Sofortzusage","description":"Sofortkredit ohne Schufa Auskunft \u2714 100% unabh\u00e4ngig und kostenloser Vergleich der Angebote ohne Schufa Abfrage \u2714 ab 500\u20ac m\u00f6glich \u2714 Teils mit Sofortzusage","robots":{"index":"index","follow":"follow","max-snippet":"max-snippet:-1","max-image-preview":"max-image-preview:large","max-video-preview":"max-video-preview:-1"},"canonical":"https:\/\/www.dr-staedtler.de\/sofort-kredit\/sofortkredit-schufa","og_locale":"de_DE","og_type":"article","og_title":"\u25b7 Sofortkredit ohne Schufa Auskunft \u25b7 mit Sofortzusage","og_description":"Sofortkredit ohne Schufa Auskunft \u2714 100% unabh\u00e4ngig und kostenloser Vergleich der Angebote ohne Schufa Abfrage \u2714 ab 500\u20ac m\u00f6glich \u2714 Teils mit Sofortzusage","og_url":"https:\/\/www.dr-staedtler.de\/sofort-kredit\/sofortkredit-schufa","og_site_name":"Sofortkredit","article_modified_time":"2017-03-25T19:42:14+00:00","og_image":[{"url":"http:\/\/www.dr-staedtler.de\/sofort-kredit\/zumvergleich.png","type":"","width":"","height":""}],"twitter_card":"summary_large_image","twitter_misc":{"Gesch\u00e4tzte Lesezeit":"2\u00a0Minuten"},"schema":{"@context":"https:\/\/schema.org","@graph":[{"@type":"WebPage","@id":"https:\/\/www.dr-staedtler.de\/sofort-kredit\/sofortkredit-schufa","url":"https:\/\/www.dr-staedtler.de\/sofort-kredit\/sofortkredit-schufa","name":"\u25b7 Sofortkredit ohne Schufa Auskunft \u25b7 mit Sofortzusage","isPartOf":{"@id":"http:\/\/www.dr-staedtler.de\/sofort-kredit\/#website"},"primaryImageOfPage":{"@id":"https:\/\/www.dr-staedtler.de\/sofort-kredit\/sofortkredit-schufa#primaryimage"},"image":{"@id":"https:\/\/www.dr-staedtler.de\/sofort-kredit\/sofortkredit-schufa#primaryimage"},"thumbnailUrl":"http:\/\/www.dr-staedtler.de\/sofort-kredit\/zumvergleich.png","datePublished":"2010-06-22T21:18:04+00:00","dateModified":"2017-03-25T19:42:14+00:00","description":"Sofortkredit ohne Schufa Auskunft \u2714 100% unabh\u00e4ngig und kostenloser Vergleich der Angebote ohne Schufa Abfrage \u2714 ab 500\u20ac m\u00f6glich \u2714 Teils mit Sofortzusage","breadcrumb":{"@id":"https:\/\/www.dr-staedtler.de\/sofort-kredit\/sofortkredit-schufa#breadcrumb"},"inLanguage":"de","potentialAction":[{"@type":"ReadAction","target":["https:\/\/www.dr-staedtler.de\/sofort-kredit\/sofortkredit-schufa"]}]},{"@type":"ImageObject","inLanguage":"de","@id":"https:\/\/www.dr-staedtler.de\/sofort-kredit\/sofortkredit-schufa#primaryimage","url":"http:\/\/www.dr-staedtler.de\/sofort-kredit\/zumvergleich.png","contentUrl":"http:\/\/www.dr-staedtler.de\/sofort-kredit\/zumvergleich.png"},{"@type":"BreadcrumbList","@id":"https:\/\/www.dr-staedtler.de\/sofort-kredit\/sofortkredit-schufa#breadcrumb","itemListElement":[{"@type":"ListItem","position":1,"name":"Home","item":"https:\/\/www.dr-staedtler.de\/sofort-kredit\/"},{"@type":"ListItem","position":2,"name":"Sofortkredit und die Auskunft der Schufa"}]},{"@type":"WebSite","@id":"http:\/\/www.dr-staedtler.de\/sofort-kredit\/#website","url":"http:\/\/www.dr-staedtler.de\/sofort-kredit\/","name":"Sofortkredit","description":"Der Sofortkredit im unabh\u00e4ngigen Vergleich","potentialAction":[{"@type":"SearchAction","target":{"@type":"EntryPoint","urlTemplate":"http:\/\/www.dr-staedtler.de\/sofort-kredit\/?s={search_term_string}"},"query-input":{"@type":"PropertyValueSpecification","valueRequired":true,"valueName":"search_term_string"}}],"inLanguage":"de"}]}},"_links":{"self":[{"href":"http:\/\/www.dr-staedtler.de\/sofort-kredit\/wp-json\/wp\/v2\/pages\/87","targetHints":{"allow":["GET"]}}],"collection":[{"href":"http:\/\/www.dr-staedtler.de\/sofort-kredit\/wp-json\/wp\/v2\/pages"}],"about":[{"href":"http:\/\/www.dr-staedtler.de\/sofort-kredit\/wp-json\/wp\/v2\/types\/page"}],"author":[{"embeddable":true,"href":"http:\/\/www.dr-staedtler.de\/sofort-kredit\/wp-json\/wp\/v2\/users\/2"}],"replies":[{"embeddable":true,"href":"http:\/\/www.dr-staedtler.de\/sofort-kredit\/wp-json\/wp\/v2\/comments?post=87"}],"version-history":[{"count":3,"href":"http:\/\/www.dr-staedtler.de\/sofort-kredit\/wp-json\/wp\/v2\/pages\/87\/revisions"}],"predecessor-version":[{"id":2510,"href":"http:\/\/www.dr-staedtler.de\/sofort-kredit\/wp-json\/wp\/v2\/pages\/87\/revisions\/2510"}],"wp:attachment":[{"href":"http:\/\/www.dr-staedtler.de\/sofort-kredit\/wp-json\/wp\/v2\/media?parent=87"}],"curies":[{"name":"wp","href":"https:\/\/api.w.org\/{rel}","templated":true}]}}