{"id":630,"date":"2011-11-24T15:47:48","date_gmt":"2011-11-24T13:47:48","guid":{"rendered":"http:\/\/www.sofort-kredit.net\/?page_id=630"},"modified":"2017-03-25T21:20:50","modified_gmt":"2017-03-25T19:20:50","slug":"welche-summen-kann-ich-als-sofortkredit-erhalten","status":"publish","type":"page","link":"http:\/\/www.dr-staedtler.de\/sofort-kredit\/fragen\/welche-summen-kann-ich-als-sofortkredit-erhalten","title":{"rendered":"Welche Summen kann ich als Sofortkredit erhalten?"},"content":{"rendered":"<p><img loading=\"lazy\" decoding=\"async\" class=\"alignleft size-medium wp-image-648\" style=\"margin-right: 10px; margin-bottom: 8px;\" title=\"H\u00e4ufig gestellte Fragen\" src=\"http:\/\/www.dr-staedtler.de\/sofort-kredit\/wp-content\/uploads\/2011\/11\/fragen-275x300.jpg\" alt=\"H\u00e4ufig gestellte Fragen\" width=\"165\" height=\"180\" srcset=\"http:\/\/www.dr-staedtler.de\/sofort-kredit\/wp-content\/uploads\/2011\/11\/fragen-275x300.jpg 275w, http:\/\/www.dr-staedtler.de\/sofort-kredit\/wp-content\/uploads\/2011\/11\/fragen.jpg 332w\" sizes=\"auto, (max-width: 165px) 100vw, 165px\" \/>Welche Summe als <a href=\"http:\/\/www.dr-staedtler.de\/sofort-kredit\/\">Sofortkredit<\/a> in Anspruch genommen werden kann, ist von Bank zu Bank verschieden. Einige Banken bieten Kleinkredite an, die bereits ab 500 Euro starten und nach oben hin im vierstelligen Bereich begrenzt sind. Es gibt aber auch Sofortkredite, die mit Summe von <strong>bis zu 50.000 Euro oder mehr beantragt<\/strong> werden k\u00f6nnen.<\/p>\n<p>Bei den meisten Banken kann die Kreditsumme bis zur jeweiligen H\u00f6chstgrenze frei gew\u00e4hlt werden. Es ist allerdings darauf zu achten, dass die Summe zu den jeweils gegebenen, finanziellen M\u00f6glichkeiten passt und die monatliche Kreditrate problemlos erbracht werden kann. Auch die Bank wird anhand der <a href=\"http:\/\/www.dr-staedtler.de\/sofort-kredit\/fragen\/beeinflusst-ein-sofortkredit-meine-bonitat\">Bonit\u00e4t des Kreditnehmers<\/a> pr\u00fcfen, welche Kreditsumme ausbezahlt werden kann.<\/p>\n<p>Zur\u00fcck zu den <a href=\"http:\/\/www.dr-staedtler.de\/sofort-kredit\/fragen\">H\u00e4ufig gestellten Fragen<\/a><\/p>\n","protected":false},"excerpt":{"rendered":"<p>Welche Summe als Sofortkredit in Anspruch genommen werden kann, ist von Bank zu Bank verschieden. Einige Banken bieten Kleinkredite an, die bereits ab 500 Euro starten und nach oben hin im vierstelligen Bereich begrenzt sind. Es gibt aber auch Sofortkredite, die mit Summe von bis zu 50.000 Euro oder mehr beantragt werden k\u00f6nnen. Bei den [&hellip;]<\/p>\n","protected":false},"author":2,"featured_media":0,"parent":604,"menu_order":0,"comment_status":"closed","ping_status":"open","template":"templates\/sidebar-right.php","meta":{"footnotes":""},"class_list":["post-630","page","type-page","status-publish","hentry"],"yoast_head":"<!-- This site is optimized with the Yoast SEO plugin v24.6 - https:\/\/yoast.com\/wordpress\/plugins\/seo\/ -->\n<title>Welche Summen kann ich als Sofortkredit erhalten?<\/title>\n<meta name=\"robots\" content=\"index, follow, max-snippet:-1, max-image-preview:large, max-video-preview:-1\" \/>\n<link rel=\"canonical\" href=\"https:\/\/www.dr-staedtler.de\/sofort-kredit\/fragen\/welche-summen-kann-ich-als-sofortkredit-erhalten\" \/>\n<meta property=\"og:locale\" content=\"de_DE\" \/>\n<meta property=\"og:type\" content=\"article\" \/>\n<meta property=\"og:title\" content=\"Welche Summen kann ich als Sofortkredit erhalten?\" \/>\n<meta property=\"og:description\" content=\"Welche Summe als Sofortkredit in Anspruch genommen werden kann, ist von Bank zu Bank verschieden. Einige Banken bieten Kleinkredite an, die bereits ab 500 Euro starten und nach oben hin im vierstelligen Bereich begrenzt sind. Es gibt aber auch Sofortkredite, die mit Summe von bis zu 50.000 Euro oder mehr beantragt werden k\u00f6nnen. Bei den [&hellip;]\" \/>\n<meta property=\"og:url\" content=\"https:\/\/www.dr-staedtler.de\/sofort-kredit\/fragen\/welche-summen-kann-ich-als-sofortkredit-erhalten\" \/>\n<meta property=\"og:site_name\" content=\"Sofortkredit\" \/>\n<meta property=\"article:modified_time\" content=\"2017-03-25T19:20:50+00:00\" \/>\n<meta property=\"og:image\" content=\"http:\/\/www.dr-staedtler.de\/sofort-kredit\/wp-content\/uploads\/2011\/11\/fragen-275x300.jpg\" \/>\n<meta name=\"twitter:card\" content=\"summary_large_image\" \/>\n<meta name=\"twitter:label1\" content=\"Gesch\u00e4tzte Lesezeit\" \/>\n\t<meta name=\"twitter:data1\" content=\"1\u00a0Minute\" \/>\n<script type=\"application\/ld+json\" class=\"yoast-schema-graph\">{\"@context\":\"https:\/\/schema.org\",\"@graph\":[{\"@type\":\"WebPage\",\"@id\":\"https:\/\/www.dr-staedtler.de\/sofort-kredit\/fragen\/welche-summen-kann-ich-als-sofortkredit-erhalten\",\"url\":\"https:\/\/www.dr-staedtler.de\/sofort-kredit\/fragen\/welche-summen-kann-ich-als-sofortkredit-erhalten\",\"name\":\"Welche Summen kann ich als Sofortkredit erhalten?\",\"isPartOf\":{\"@id\":\"http:\/\/www.dr-staedtler.de\/sofort-kredit\/#website\"},\"primaryImageOfPage\":{\"@id\":\"https:\/\/www.dr-staedtler.de\/sofort-kredit\/fragen\/welche-summen-kann-ich-als-sofortkredit-erhalten#primaryimage\"},\"image\":{\"@id\":\"https:\/\/www.dr-staedtler.de\/sofort-kredit\/fragen\/welche-summen-kann-ich-als-sofortkredit-erhalten#primaryimage\"},\"thumbnailUrl\":\"http:\/\/www.dr-staedtler.de\/sofort-kredit\/wp-content\/uploads\/2011\/11\/fragen-275x300.jpg\",\"datePublished\":\"2011-11-24T13:47:48+00:00\",\"dateModified\":\"2017-03-25T19:20:50+00:00\",\"breadcrumb\":{\"@id\":\"https:\/\/www.dr-staedtler.de\/sofort-kredit\/fragen\/welche-summen-kann-ich-als-sofortkredit-erhalten#breadcrumb\"},\"inLanguage\":\"de\",\"potentialAction\":[{\"@type\":\"ReadAction\",\"target\":[\"https:\/\/www.dr-staedtler.de\/sofort-kredit\/fragen\/welche-summen-kann-ich-als-sofortkredit-erhalten\"]}]},{\"@type\":\"ImageObject\",\"inLanguage\":\"de\",\"@id\":\"https:\/\/www.dr-staedtler.de\/sofort-kredit\/fragen\/welche-summen-kann-ich-als-sofortkredit-erhalten#primaryimage\",\"url\":\"http:\/\/www.dr-staedtler.de\/sofort-kredit\/wp-content\/uploads\/2011\/11\/fragen.jpg\",\"contentUrl\":\"http:\/\/www.dr-staedtler.de\/sofort-kredit\/wp-content\/uploads\/2011\/11\/fragen.jpg\",\"width\":\"332\",\"height\":\"361\",\"caption\":\"H\u00e4ufig gestellte Fragen\"},{\"@type\":\"BreadcrumbList\",\"@id\":\"https:\/\/www.dr-staedtler.de\/sofort-kredit\/fragen\/welche-summen-kann-ich-als-sofortkredit-erhalten#breadcrumb\",\"itemListElement\":[{\"@type\":\"ListItem\",\"position\":1,\"name\":\"Home\",\"item\":\"https:\/\/www.dr-staedtler.de\/sofort-kredit\/\"},{\"@type\":\"ListItem\",\"position\":2,\"name\":\"H\u00e4ufig gestellte Fragen\",\"item\":\"https:\/\/www.dr-staedtler.de\/sofort-kredit\/fragen\"},{\"@type\":\"ListItem\",\"position\":3,\"name\":\"Welche Summen kann ich als Sofortkredit erhalten?\"}]},{\"@type\":\"WebSite\",\"@id\":\"http:\/\/www.dr-staedtler.de\/sofort-kredit\/#website\",\"url\":\"http:\/\/www.dr-staedtler.de\/sofort-kredit\/\",\"name\":\"Sofortkredit\",\"description\":\"Der Sofortkredit im unabh\u00e4ngigen Vergleich\",\"potentialAction\":[{\"@type\":\"SearchAction\",\"target\":{\"@type\":\"EntryPoint\",\"urlTemplate\":\"http:\/\/www.dr-staedtler.de\/sofort-kredit\/?s={search_term_string}\"},\"query-input\":{\"@type\":\"PropertyValueSpecification\",\"valueRequired\":true,\"valueName\":\"search_term_string\"}}],\"inLanguage\":\"de\"}]}<\/script>\n<!-- \/ Yoast SEO plugin. -->","yoast_head_json":{"title":"Welche Summen kann ich als Sofortkredit erhalten?","robots":{"index":"index","follow":"follow","max-snippet":"max-snippet:-1","max-image-preview":"max-image-preview:large","max-video-preview":"max-video-preview:-1"},"canonical":"https:\/\/www.dr-staedtler.de\/sofort-kredit\/fragen\/welche-summen-kann-ich-als-sofortkredit-erhalten","og_locale":"de_DE","og_type":"article","og_title":"Welche Summen kann ich als Sofortkredit erhalten?","og_description":"Welche Summe als Sofortkredit in Anspruch genommen werden kann, ist von Bank zu Bank verschieden. Einige Banken bieten Kleinkredite an, die bereits ab 500 Euro starten und nach oben hin im vierstelligen Bereich begrenzt sind. Es gibt aber auch Sofortkredite, die mit Summe von bis zu 50.000 Euro oder mehr beantragt werden k\u00f6nnen. Bei den [&hellip;]","og_url":"https:\/\/www.dr-staedtler.de\/sofort-kredit\/fragen\/welche-summen-kann-ich-als-sofortkredit-erhalten","og_site_name":"Sofortkredit","article_modified_time":"2017-03-25T19:20:50+00:00","og_image":[{"url":"http:\/\/www.dr-staedtler.de\/sofort-kredit\/wp-content\/uploads\/2011\/11\/fragen-275x300.jpg","type":"","width":"","height":""}],"twitter_card":"summary_large_image","twitter_misc":{"Gesch\u00e4tzte Lesezeit":"1\u00a0Minute"},"schema":{"@context":"https:\/\/schema.org","@graph":[{"@type":"WebPage","@id":"https:\/\/www.dr-staedtler.de\/sofort-kredit\/fragen\/welche-summen-kann-ich-als-sofortkredit-erhalten","url":"https:\/\/www.dr-staedtler.de\/sofort-kredit\/fragen\/welche-summen-kann-ich-als-sofortkredit-erhalten","name":"Welche Summen kann ich als Sofortkredit erhalten?","isPartOf":{"@id":"http:\/\/www.dr-staedtler.de\/sofort-kredit\/#website"},"primaryImageOfPage":{"@id":"https:\/\/www.dr-staedtler.de\/sofort-kredit\/fragen\/welche-summen-kann-ich-als-sofortkredit-erhalten#primaryimage"},"image":{"@id":"https:\/\/www.dr-staedtler.de\/sofort-kredit\/fragen\/welche-summen-kann-ich-als-sofortkredit-erhalten#primaryimage"},"thumbnailUrl":"http:\/\/www.dr-staedtler.de\/sofort-kredit\/wp-content\/uploads\/2011\/11\/fragen-275x300.jpg","datePublished":"2011-11-24T13:47:48+00:00","dateModified":"2017-03-25T19:20:50+00:00","breadcrumb":{"@id":"https:\/\/www.dr-staedtler.de\/sofort-kredit\/fragen\/welche-summen-kann-ich-als-sofortkredit-erhalten#breadcrumb"},"inLanguage":"de","potentialAction":[{"@type":"ReadAction","target":["https:\/\/www.dr-staedtler.de\/sofort-kredit\/fragen\/welche-summen-kann-ich-als-sofortkredit-erhalten"]}]},{"@type":"ImageObject","inLanguage":"de","@id":"https:\/\/www.dr-staedtler.de\/sofort-kredit\/fragen\/welche-summen-kann-ich-als-sofortkredit-erhalten#primaryimage","url":"http:\/\/www.dr-staedtler.de\/sofort-kredit\/wp-content\/uploads\/2011\/11\/fragen.jpg","contentUrl":"http:\/\/www.dr-staedtler.de\/sofort-kredit\/wp-content\/uploads\/2011\/11\/fragen.jpg","width":"332","height":"361","caption":"H\u00e4ufig gestellte Fragen"},{"@type":"BreadcrumbList","@id":"https:\/\/www.dr-staedtler.de\/sofort-kredit\/fragen\/welche-summen-kann-ich-als-sofortkredit-erhalten#breadcrumb","itemListElement":[{"@type":"ListItem","position":1,"name":"Home","item":"https:\/\/www.dr-staedtler.de\/sofort-kredit\/"},{"@type":"ListItem","position":2,"name":"H\u00e4ufig gestellte Fragen","item":"https:\/\/www.dr-staedtler.de\/sofort-kredit\/fragen"},{"@type":"ListItem","position":3,"name":"Welche Summen kann ich als Sofortkredit erhalten?"}]},{"@type":"WebSite","@id":"http:\/\/www.dr-staedtler.de\/sofort-kredit\/#website","url":"http:\/\/www.dr-staedtler.de\/sofort-kredit\/","name":"Sofortkredit","description":"Der Sofortkredit im unabh\u00e4ngigen Vergleich","potentialAction":[{"@type":"SearchAction","target":{"@type":"EntryPoint","urlTemplate":"http:\/\/www.dr-staedtler.de\/sofort-kredit\/?s={search_term_string}"},"query-input":{"@type":"PropertyValueSpecification","valueRequired":true,"valueName":"search_term_string"}}],"inLanguage":"de"}]}},"_links":{"self":[{"href":"http:\/\/www.dr-staedtler.de\/sofort-kredit\/wp-json\/wp\/v2\/pages\/630","targetHints":{"allow":["GET"]}}],"collection":[{"href":"http:\/\/www.dr-staedtler.de\/sofort-kredit\/wp-json\/wp\/v2\/pages"}],"about":[{"href":"http:\/\/www.dr-staedtler.de\/sofort-kredit\/wp-json\/wp\/v2\/types\/page"}],"author":[{"embeddable":true,"href":"http:\/\/www.dr-staedtler.de\/sofort-kredit\/wp-json\/wp\/v2\/users\/2"}],"replies":[{"embeddable":true,"href":"http:\/\/www.dr-staedtler.de\/sofort-kredit\/wp-json\/wp\/v2\/comments?post=630"}],"version-history":[{"count":2,"href":"http:\/\/www.dr-staedtler.de\/sofort-kredit\/wp-json\/wp\/v2\/pages\/630\/revisions"}],"predecessor-version":[{"id":2495,"href":"http:\/\/www.dr-staedtler.de\/sofort-kredit\/wp-json\/wp\/v2\/pages\/630\/revisions\/2495"}],"up":[{"embeddable":true,"href":"http:\/\/www.dr-staedtler.de\/sofort-kredit\/wp-json\/wp\/v2\/pages\/604"}],"wp:attachment":[{"href":"http:\/\/www.dr-staedtler.de\/sofort-kredit\/wp-json\/wp\/v2\/media?parent=630"}],"curies":[{"name":"wp","href":"https:\/\/api.w.org\/{rel}","templated":true}]}}