{"id":211,"date":"2011-07-12T15:52:57","date_gmt":"2011-07-12T13:52:57","guid":{"rendered":"http:\/\/www.sofort-kredit.net\/?page_id=211"},"modified":"2017-08-10T11:47:16","modified_gmt":"2017-08-10T09:47:16","slug":"sofortkredit-fur-azubis","status":"publish","type":"page","link":"http:\/\/www.dr-staedtler.de\/sofort-kredit\/sofortkredit-fur-azubis","title":{"rendered":"Sofortkredit f\u00fcr Azubis &#8211; Mit etwaigen Sicherheiten m\u00f6glich"},"content":{"rendered":"<p>Azubis ziehen meist zum ersten Mal von zu Hause aus und beginnen ein neues Leben, in dem sie selbstst\u00e4ndig werden m\u00fcssen. Dabei ist es wichtig, dass nat\u00fcrlich auch die Finanzen stimmen. Der Start in eine <strong>Ausbildung<\/strong> ist in vielen F\u00e4llen mit einem Umzug in eine andere Stadt verbunden. Dies bedeutet f\u00fcr die jungen Azubis, dass sie sich eine eigene Wohnung, oder ein Zimmer in einer WG suchen m\u00fcssen. <a href=\"http:\/\/www.dr-staedtler.de\/sofort-kredit\/sofortkredit-fur-studenten\">\u00c4hnlich ist dies auch bei Studenten<\/a>. In den meisten F\u00e4llen versuchen Azubis eine eigene Wohnung zu bekommen und zwar in unmittelbarer N\u00e4he des neuen Arbeitsplatzes. Dies erspart ihnen vor allem eine lange Zeit der Pendelei, sondern erm\u00f6glicht es, flexibel zu sein und schnell am Arbeitsplatz zu sein, oder diesen auch nach Feierabend wieder schnell verlassen zu k\u00f6nnen.<br \/>\n<script type=\"text\/javascript\">\n    google_ad_client = \"ca-pub-1262936663758648\";\n    google_ad_slot = \"2364144445\";\n    google_ad_width = 720;\n    google_ad_height = 150;\n<\/script><br \/>\n<!-- sofort-kredit-net-schueler --><br \/>\n<script type=\"text\/javascript\" src=\"\/\/pagead2.googlesyndication.com\/pagead\/show_ads.js\">\n<\/script><\/p>\n<p><script defer=\"\" async=\"\" data-affiliateid=\"9e1fdf7f\" data-placementid=\"783582278\" data-amount=\"1000\" data-category=\"\" data-duration=\"48\" src=\"https:\/\/www.smava.de\/pp\/smava-kreditvergleich\/main.js\"><\/script><\/p>\n<h2>Weitere Einrichtungen neben der Miete mit Sofortkredit finanzieren<\/h2>\n<p><img loading=\"lazy\" decoding=\"async\" class=\"alignleft size-medium wp-image-304\" style=\"margin-right: 10px; margin-bottom: 8px; border: 1px solid grey;\" title=\"Der Start ins Berufsleben: Azubi\" src=\"http:\/\/www.dr-staedtler.de\/sofort-kredit\/wp-content\/uploads\/2011\/07\/azubine-300x201.jpg\" alt=\"Der Start ins Berufsleben: Azubi\" width=\"300\" height=\"201\" srcset=\"http:\/\/www.dr-staedtler.de\/sofort-kredit\/wp-content\/uploads\/2011\/07\/azubine-300x201.jpg 300w, http:\/\/www.dr-staedtler.de\/sofort-kredit\/wp-content\/uploads\/2011\/07\/azubine.jpg 422w\" sizes=\"auto, (max-width: 300px) 100vw, 300px\" \/>Neben der ersten eigenen Wohnung m\u00fcssen auch diverse Ger\u00e4te f\u00fcr den Haushalt gekauft werden. Dabei ist es nat\u00fcrlich in der Regel nicht m\u00f6glich, dass der komplette Hausstand aus dem Haus der Eltern mitgenommen werden kann. Es ist wichtig, dass darauf gesetzt wird, welche Produkte notwendig sind und im neuen Haus, bzw. in der <strong>neuen Wohnung<\/strong> eingesetzt werden. Oftmals m\u00fcssen vor allem Ger\u00e4te f\u00fcr die K\u00fcche gekauft werden, falls die neue Wohnung nicht bereits eine K\u00fcche integriert hat. In vielen F\u00e4llen m\u00fcssen Azubis sich daher von ihrem eigenen Geld einen K\u00fchlschrank, oder aber auch einen Backofen, bzw. einen Herd und sogar Schr\u00e4nke, Tische und Geschirr selbst kaufen. Oftmals werden daf\u00fcr recht hohe Summen ben\u00f6tigt, die das Budget der jungen Menschen \u00fcbersteigen. Daher ist es zu empfehlen, dass darauf gesetzt wird, dass eine <strong>passende Finanzierung<\/strong> gefunden wird. Der Sofortkredit ist hierbei eine M\u00f6glichkeit, um in jedem Fall alle f\u00fcr den Umzug notwendigen Dinge zu kaufen. Dar\u00fcber hinaus ist es ebenfalls erforderlich, dass auch die <a href=\"http:\/\/www.dr-staedtler.de\/sofort-kredit\/arten\/fuer-kaution\">Kaution der ersten Mieten \u00fcber einen Sofortkredit bezahlt<\/a> werden kann.<\/p>\n<h3>Sofortkredite \u00fcber das Internet<\/h3>\n<p>Der Sofortkredit wird von vielen Banken \u00fcber das Internet angeboten. Dabei haben die Kunden die Option, dass sie meist auch geringe Summen ab 500, oder ab 1.000 Euro als g\u00fcnstige Kredite aufnehmen k\u00f6nnen. Die Sofortkredite k\u00f6nnen in den meisten F\u00e4llen bis zu einer <strong>Summe von 50.000 Euro<\/strong> aufgenommen werden. Dar\u00fcber hinaus ist es m\u00f6glich, dass die Laufzeit individuell vereinbart wird, was ebenfalls zu empfehlen ist. Wer sich Gedanken dar\u00fcber macht, wie ein Sofortkredit aussehen soll, der sollte darauf setzen, dass dieser nat\u00fcrlich nicht zu teuer wird. Oftmals wird der Sofortkredit f\u00fcr Azubis gerade dann g\u00fcnstig, wenn die Laufzeit kurz gehalten wird. Die Kredite werden in den meisten F\u00e4llen in Form von Raten zur\u00fcck gezahlt. Es ist dabei m\u00f6glich, dass die Raten vom Gehalt als Azubi bezahlt werden.<\/p>\n<h4>Exakte Planung<\/h4>\n<p>Hierbei ist es wichtig, dass eine exakte Planung durchgef\u00fchrt wird. Die Planung ist deshalb wichtig, da es sonst schnell dazu kommen kann, dass nicht gen\u00fcgend Geld vorhanden ist, um die Raten des Kredites zu tilgen. Grunds\u00e4tzlich ist es daher zu empfehlen, dass auch darauf gesetzt wird, vorher einmal zu berechnen, wie hoch die monatlichen Kosten f\u00fcr Strom und Wasser sind. Auch sollte darauf geachtet werden, wie hoch die Kosten sind, die zum Beispiel f\u00fcr Lebensmittel im Monat anfallen und f\u00fcr weitere Konsumg\u00fcter, die verwendet werden. In jedem Fall sollte der <strong>Kredit f\u00fcr Azubis<\/strong> so berechnet werden, dass noch ein Puffer vorhanden ist, welcher genutzt werden kann und welcher in jedem Fall hilft. Der Puffer sollte so gro\u00df sein, dass eine Reserve f\u00fcr den Notfall zur\u00fcck gelegt werden kann, welche nat\u00fcrlich von Bedeutung ist und auch nur im Notfall genutzt werden sollte. Der Kredit f\u00fcr Azubis wird zwar von vielen Banken angeboten, doch in der Regel ist auch darauf zu achten, dass die Kreditnehmer vollj\u00e4hrig sind und somit auch voll gesch\u00e4ftsf\u00e4hig sind. Falls der Kreditnehmer, also der Azubi nicht vollj\u00e4hrig ist, so ist es m\u00f6glich, dass der Kredit \u00fcber die Eltern abgeschlossen wird und somit ebenfalls noch m\u00f6glich ist.<\/p>\n","protected":false},"excerpt":{"rendered":"<p>Azubis ziehen meist zum ersten Mal von zu Hause aus und beginnen ein neues Leben, in dem sie selbstst\u00e4ndig werden m\u00fcssen. Dabei ist es wichtig, dass nat\u00fcrlich auch die Finanzen stimmen. Der Start in eine Ausbildung ist in vielen F\u00e4llen mit einem Umzug in eine andere Stadt verbunden. Dies bedeutet f\u00fcr die jungen Azubis, dass [&hellip;]<\/p>\n","protected":false},"author":2,"featured_media":0,"parent":0,"menu_order":2,"comment_status":"closed","ping_status":"open","template":"templates\/sidebar-right.php","meta":{"footnotes":""},"class_list":["post-211","page","type-page","status-publish","hentry"],"yoast_head":"<!-- This site is optimized with the Yoast SEO plugin v24.6 - https:\/\/yoast.com\/wordpress\/plugins\/seo\/ -->\n<title>\u25b7 Sofortkredit f\u00fcr Azubis \u25b7 Kr\u00e4ftig sparen \u25b7 Vergleich<\/title>\n<meta name=\"description\" content=\"Sofortkredit f\u00fcr Azubis \u2714 Kredit f\u00fcr Auszubildende mit Online Sofort-Zusage \u2714 Sparen durch niedrige Kreditzinsen \u2714 100% Kostenlos &amp; unabh\u00e4ngig\" \/>\n<meta name=\"robots\" content=\"index, follow, max-snippet:-1, max-image-preview:large, max-video-preview:-1\" \/>\n<link rel=\"canonical\" href=\"https:\/\/www.dr-staedtler.de\/sofort-kredit\/sofortkredit-fur-azubis\" \/>\n<meta property=\"og:locale\" content=\"de_DE\" \/>\n<meta property=\"og:type\" content=\"article\" \/>\n<meta property=\"og:title\" content=\"\u25b7 Sofortkredit f\u00fcr Azubis \u25b7 Kr\u00e4ftig sparen \u25b7 Vergleich\" \/>\n<meta property=\"og:description\" content=\"Sofortkredit f\u00fcr Azubis \u2714 Kredit f\u00fcr Auszubildende mit Online Sofort-Zusage \u2714 Sparen durch niedrige Kreditzinsen \u2714 100% Kostenlos &amp; unabh\u00e4ngig\" \/>\n<meta property=\"og:url\" content=\"https:\/\/www.dr-staedtler.de\/sofort-kredit\/sofortkredit-fur-azubis\" \/>\n<meta property=\"og:site_name\" content=\"Sofortkredit\" \/>\n<meta property=\"article:modified_time\" content=\"2017-08-10T09:47:16+00:00\" \/>\n<meta property=\"og:image\" content=\"http:\/\/www.dr-staedtler.de\/sofort-kredit\/wp-content\/uploads\/2011\/07\/azubine-300x201.jpg\" \/>\n<meta name=\"twitter:card\" content=\"summary_large_image\" \/>\n<meta name=\"twitter:label1\" content=\"Gesch\u00e4tzte Lesezeit\" \/>\n\t<meta name=\"twitter:data1\" content=\"3\u00a0Minuten\" \/>\n<script type=\"application\/ld+json\" class=\"yoast-schema-graph\">{\"@context\":\"https:\/\/schema.org\",\"@graph\":[{\"@type\":\"WebPage\",\"@id\":\"https:\/\/www.dr-staedtler.de\/sofort-kredit\/sofortkredit-fur-azubis\",\"url\":\"https:\/\/www.dr-staedtler.de\/sofort-kredit\/sofortkredit-fur-azubis\",\"name\":\"\u25b7 Sofortkredit f\u00fcr Azubis \u25b7 Kr\u00e4ftig sparen \u25b7 Vergleich\",\"isPartOf\":{\"@id\":\"http:\/\/www.dr-staedtler.de\/sofort-kredit\/#website\"},\"primaryImageOfPage\":{\"@id\":\"https:\/\/www.dr-staedtler.de\/sofort-kredit\/sofortkredit-fur-azubis#primaryimage\"},\"image\":{\"@id\":\"https:\/\/www.dr-staedtler.de\/sofort-kredit\/sofortkredit-fur-azubis#primaryimage\"},\"thumbnailUrl\":\"http:\/\/www.dr-staedtler.de\/sofort-kredit\/wp-content\/uploads\/2011\/07\/azubine-300x201.jpg\",\"datePublished\":\"2011-07-12T13:52:57+00:00\",\"dateModified\":\"2017-08-10T09:47:16+00:00\",\"description\":\"Sofortkredit f\u00fcr Azubis \u2714 Kredit f\u00fcr Auszubildende mit Online Sofort-Zusage \u2714 Sparen durch niedrige Kreditzinsen \u2714 100% Kostenlos & unabh\u00e4ngig\",\"breadcrumb\":{\"@id\":\"https:\/\/www.dr-staedtler.de\/sofort-kredit\/sofortkredit-fur-azubis#breadcrumb\"},\"inLanguage\":\"de\",\"potentialAction\":[{\"@type\":\"ReadAction\",\"target\":[\"https:\/\/www.dr-staedtler.de\/sofort-kredit\/sofortkredit-fur-azubis\"]}]},{\"@type\":\"ImageObject\",\"inLanguage\":\"de\",\"@id\":\"https:\/\/www.dr-staedtler.de\/sofort-kredit\/sofortkredit-fur-azubis#primaryimage\",\"url\":\"http:\/\/www.dr-staedtler.de\/sofort-kredit\/wp-content\/uploads\/2011\/07\/azubine.jpg\",\"contentUrl\":\"http:\/\/www.dr-staedtler.de\/sofort-kredit\/wp-content\/uploads\/2011\/07\/azubine.jpg\",\"width\":\"422\",\"height\":\"284\",\"caption\":\"Der Start ins Berufsleben: Azubi\"},{\"@type\":\"BreadcrumbList\",\"@id\":\"https:\/\/www.dr-staedtler.de\/sofort-kredit\/sofortkredit-fur-azubis#breadcrumb\",\"itemListElement\":[{\"@type\":\"ListItem\",\"position\":1,\"name\":\"Home\",\"item\":\"https:\/\/www.dr-staedtler.de\/sofort-kredit\/\"},{\"@type\":\"ListItem\",\"position\":2,\"name\":\"Sofortkredit f\u00fcr Azubis &#8211; Mit etwaigen Sicherheiten m\u00f6glich\"}]},{\"@type\":\"WebSite\",\"@id\":\"http:\/\/www.dr-staedtler.de\/sofort-kredit\/#website\",\"url\":\"http:\/\/www.dr-staedtler.de\/sofort-kredit\/\",\"name\":\"Sofortkredit\",\"description\":\"Der Sofortkredit im unabh\u00e4ngigen Vergleich\",\"potentialAction\":[{\"@type\":\"SearchAction\",\"target\":{\"@type\":\"EntryPoint\",\"urlTemplate\":\"http:\/\/www.dr-staedtler.de\/sofort-kredit\/?s={search_term_string}\"},\"query-input\":{\"@type\":\"PropertyValueSpecification\",\"valueRequired\":true,\"valueName\":\"search_term_string\"}}],\"inLanguage\":\"de\"}]}<\/script>\n<!-- \/ Yoast SEO plugin. -->","yoast_head_json":{"title":"\u25b7 Sofortkredit f\u00fcr Azubis \u25b7 Kr\u00e4ftig sparen \u25b7 Vergleich","description":"Sofortkredit f\u00fcr Azubis \u2714 Kredit f\u00fcr Auszubildende mit Online Sofort-Zusage \u2714 Sparen durch niedrige Kreditzinsen \u2714 100% Kostenlos & unabh\u00e4ngig","robots":{"index":"index","follow":"follow","max-snippet":"max-snippet:-1","max-image-preview":"max-image-preview:large","max-video-preview":"max-video-preview:-1"},"canonical":"https:\/\/www.dr-staedtler.de\/sofort-kredit\/sofortkredit-fur-azubis","og_locale":"de_DE","og_type":"article","og_title":"\u25b7 Sofortkredit f\u00fcr Azubis \u25b7 Kr\u00e4ftig sparen \u25b7 Vergleich","og_description":"Sofortkredit f\u00fcr Azubis \u2714 Kredit f\u00fcr Auszubildende mit Online Sofort-Zusage \u2714 Sparen durch niedrige Kreditzinsen \u2714 100% Kostenlos & unabh\u00e4ngig","og_url":"https:\/\/www.dr-staedtler.de\/sofort-kredit\/sofortkredit-fur-azubis","og_site_name":"Sofortkredit","article_modified_time":"2017-08-10T09:47:16+00:00","og_image":[{"url":"http:\/\/www.dr-staedtler.de\/sofort-kredit\/wp-content\/uploads\/2011\/07\/azubine-300x201.jpg","type":"","width":"","height":""}],"twitter_card":"summary_large_image","twitter_misc":{"Gesch\u00e4tzte Lesezeit":"3\u00a0Minuten"},"schema":{"@context":"https:\/\/schema.org","@graph":[{"@type":"WebPage","@id":"https:\/\/www.dr-staedtler.de\/sofort-kredit\/sofortkredit-fur-azubis","url":"https:\/\/www.dr-staedtler.de\/sofort-kredit\/sofortkredit-fur-azubis","name":"\u25b7 Sofortkredit f\u00fcr Azubis \u25b7 Kr\u00e4ftig sparen \u25b7 Vergleich","isPartOf":{"@id":"http:\/\/www.dr-staedtler.de\/sofort-kredit\/#website"},"primaryImageOfPage":{"@id":"https:\/\/www.dr-staedtler.de\/sofort-kredit\/sofortkredit-fur-azubis#primaryimage"},"image":{"@id":"https:\/\/www.dr-staedtler.de\/sofort-kredit\/sofortkredit-fur-azubis#primaryimage"},"thumbnailUrl":"http:\/\/www.dr-staedtler.de\/sofort-kredit\/wp-content\/uploads\/2011\/07\/azubine-300x201.jpg","datePublished":"2011-07-12T13:52:57+00:00","dateModified":"2017-08-10T09:47:16+00:00","description":"Sofortkredit f\u00fcr Azubis \u2714 Kredit f\u00fcr Auszubildende mit Online Sofort-Zusage \u2714 Sparen durch niedrige Kreditzinsen \u2714 100% Kostenlos & unabh\u00e4ngig","breadcrumb":{"@id":"https:\/\/www.dr-staedtler.de\/sofort-kredit\/sofortkredit-fur-azubis#breadcrumb"},"inLanguage":"de","potentialAction":[{"@type":"ReadAction","target":["https:\/\/www.dr-staedtler.de\/sofort-kredit\/sofortkredit-fur-azubis"]}]},{"@type":"ImageObject","inLanguage":"de","@id":"https:\/\/www.dr-staedtler.de\/sofort-kredit\/sofortkredit-fur-azubis#primaryimage","url":"http:\/\/www.dr-staedtler.de\/sofort-kredit\/wp-content\/uploads\/2011\/07\/azubine.jpg","contentUrl":"http:\/\/www.dr-staedtler.de\/sofort-kredit\/wp-content\/uploads\/2011\/07\/azubine.jpg","width":"422","height":"284","caption":"Der Start ins Berufsleben: Azubi"},{"@type":"BreadcrumbList","@id":"https:\/\/www.dr-staedtler.de\/sofort-kredit\/sofortkredit-fur-azubis#breadcrumb","itemListElement":[{"@type":"ListItem","position":1,"name":"Home","item":"https:\/\/www.dr-staedtler.de\/sofort-kredit\/"},{"@type":"ListItem","position":2,"name":"Sofortkredit f\u00fcr Azubis &#8211; Mit etwaigen Sicherheiten m\u00f6glich"}]},{"@type":"WebSite","@id":"http:\/\/www.dr-staedtler.de\/sofort-kredit\/#website","url":"http:\/\/www.dr-staedtler.de\/sofort-kredit\/","name":"Sofortkredit","description":"Der Sofortkredit im unabh\u00e4ngigen Vergleich","potentialAction":[{"@type":"SearchAction","target":{"@type":"EntryPoint","urlTemplate":"http:\/\/www.dr-staedtler.de\/sofort-kredit\/?s={search_term_string}"},"query-input":{"@type":"PropertyValueSpecification","valueRequired":true,"valueName":"search_term_string"}}],"inLanguage":"de"}]}},"_links":{"self":[{"href":"http:\/\/www.dr-staedtler.de\/sofort-kredit\/wp-json\/wp\/v2\/pages\/211","targetHints":{"allow":["GET"]}}],"collection":[{"href":"http:\/\/www.dr-staedtler.de\/sofort-kredit\/wp-json\/wp\/v2\/pages"}],"about":[{"href":"http:\/\/www.dr-staedtler.de\/sofort-kredit\/wp-json\/wp\/v2\/types\/page"}],"author":[{"embeddable":true,"href":"http:\/\/www.dr-staedtler.de\/sofort-kredit\/wp-json\/wp\/v2\/users\/2"}],"replies":[{"embeddable":true,"href":"http:\/\/www.dr-staedtler.de\/sofort-kredit\/wp-json\/wp\/v2\/comments?post=211"}],"version-history":[{"count":5,"href":"http:\/\/www.dr-staedtler.de\/sofort-kredit\/wp-json\/wp\/v2\/pages\/211\/revisions"}],"predecessor-version":[{"id":2577,"href":"http:\/\/www.dr-staedtler.de\/sofort-kredit\/wp-json\/wp\/v2\/pages\/211\/revisions\/2577"}],"wp:attachment":[{"href":"http:\/\/www.dr-staedtler.de\/sofort-kredit\/wp-json\/wp\/v2\/media?parent=211"}],"curies":[{"name":"wp","href":"https:\/\/api.w.org\/{rel}","templated":true}]}}