{"id":1081,"date":"2012-08-27T16:58:16","date_gmt":"2012-08-27T14:58:16","guid":{"rendered":"http:\/\/www.sofort-kredit.net\/?page_id=1081"},"modified":"2017-01-31T12:19:22","modified_gmt":"2017-01-31T10:19:22","slug":"arten","status":"publish","type":"page","link":"http:\/\/www.dr-staedtler.de\/sofort-kredit\/arten","title":{"rendered":"Diese verschiedenen Kreditarten und Verwendungszwecke gibt es"},"content":{"rendered":"<p>Hier erhalten Sie eine \u00dcbersicht \u00fcber die verschiedenen Kreditarten und Verwendungszwecke:<\/p>\n<ul>\n<li><a href=\"http:\/\/www.dr-staedtler.de\/sofort-kredit\/arten\/fuer-autoreifen\">Kredit f\u00fcr Autoreifen<\/a><\/li>\n<li><a href=\"http:\/\/www.dr-staedtler.de\/sofort-kredit\/arten\/fuer-autoreparatur\">Kredit f\u00fcr Autoreparatur<\/a><\/li>\n<li><a href=\"http:\/\/www.dr-staedtler.de\/sofort-kredit\/sofortkredit-arbeitslose\">Kredit f\u00fcr Arbeitslose<\/a><\/li>\n<li><a href=\"http:\/\/www.dr-staedtler.de\/sofort-kredit\/sofortkredit-fur-azubis\">Kredit f\u00fcr Azubis<\/a><\/li>\n<li><a href=\"http:\/\/www.dr-staedtler.de\/sofort-kredit\/arten\/fuer-behinderte\">Kredit f\u00fcr Behinderung<\/a><\/li>\n<li><a href=\"http:\/\/www.dr-staedtler.de\/sofort-kredit\/arten\/fuer-brustvergroesserung\">Kredit f\u00fcr Brustvergr\u00f6\u00dferung<\/a><\/li>\n<li><a href=\"http:\/\/www.dr-staedtler.de\/sofort-kredit\/arten\/fuer-casinos\">Kredit f\u00fcr Casino<\/a><\/li>\n<li><a href=\"http:\/\/www.dr-staedtler.de\/sofort-kredit\/arten\/fuer-dachsanierung\">Kredit f\u00fcr Dachsanierung<\/a><\/li>\n<li><a href=\"http:\/\/www.dr-staedtler.de\/sofort-kredit\/arten\/fuer-existenzgruender\">Kredit f\u00fcr Existenzgr\u00fcnder<\/a><\/li>\n<li><a href=\"http:\/\/www.dr-staedtler.de\/sofort-kredit\/arten\/fuer-familien\">Kredit f\u00fcr Familien<\/a><\/li>\n<li><a href=\"http:\/\/www.dr-staedtler.de\/sofort-kredit\/arten\/fuer-fenster\">Kredit f\u00fcr Fenster<\/a><\/li>\n<li><a href=\"http:\/\/www.dr-staedtler.de\/sofort-kredit\/arten\/fuer-freiberufler\">Kredit f\u00fcr Freiberufler<\/a><\/li>\n<li><a href=\"http:\/\/www.dr-staedtler.de\/sofort-kredit\/arten\/fuer-fuehrerschein\">Kredit f\u00fcr F\u00fchrerschein<\/a><\/li>\n<li><a href=\"http:\/\/www.dr-staedtler.de\/sofort-kredit\/arten\/fuer-hartz-iv-empfaenger\">Kredit f\u00fcr Hartz IV<\/a><\/li>\n<li><a href=\"http:\/\/www.dr-staedtler.de\/sofort-kredit\/arten\/fuer-die-hochzeit\">Kredit f\u00fcr Hochzeit<\/a><\/li>\n<li><a href=\"http:\/\/www.dr-staedtler.de\/sofort-kredit\/arten\/fuer-junge-leute\">Kredit f\u00fcr junge Leute<\/a><\/li>\n<li><a href=\"http:\/\/www.dr-staedtler.de\/sofort-kredit\/arten\/fuer-kaution\">Kredit f\u00fcr Kaution<\/a><\/li>\n<li><a href=\"http:\/\/www.dr-staedtler.de\/sofort-kredit\/arten\/fuer-kleinunternehmer\">Kredit f\u00fcr Kleinunternehmer<\/a><\/li>\n<li><a href=\"http:\/\/www.dr-staedtler.de\/sofort-kredit\/arten\/fuer-neue-kueche\">Kredit f\u00fcr K\u00fcche<\/a><\/li>\n<li><a href=\"http:\/\/www.dr-staedtler.de\/sofort-kredit\/arten\/fuer-landwirte\">Kredit f\u00fcr Landwirte<\/a><\/li>\n<li><a href=\"http:\/\/www.dr-staedtler.de\/sofort-kredit\/arten\/fuer-lehrer\">Kredit f\u00fcr Lehrer<\/a><\/li>\n<li><a href=\"http:\/\/www.dr-staedtler.de\/sofort-kredit\/arten\/fuer-lehrlinge\">Kredit f\u00fcr Lehrlinge<\/a><\/li>\n<li><a href=\"http:\/\/www.dr-staedtler.de\/sofort-kredit\/arten\/fuer-leiharbeiter\">Kredit f\u00fcr Leiharbeiter<\/a><\/li>\n<li><a href=\"http:\/\/www.dr-staedtler.de\/sofort-kredit\/arten\/fuer-mietkaution\">Kredit f\u00fcr Mietkaution<\/a><\/li>\n<li><a href=\"http:\/\/www.dr-staedtler.de\/sofort-kredit\/arten\/fuer-modernisierung\">Kredit f\u00fcr Modernisierung<\/a><\/li>\n<li><a href=\"http:\/\/www.dr-staedtler.de\/sofort-kredit\/arten\/fuer-motorrad\">Kredit f\u00fcr Motorrad<\/a><\/li>\n<li><a href=\"http:\/\/www.dr-staedtler.de\/sofort-kredit\/arten\/fuer-neue-heizung\">Kredit f\u00fcr neue Heizung<\/a><\/li>\n<li><a href=\"http:\/\/www.dr-staedtler.de\/sofort-kredit\/arten\/fuer-schoenheitsoperation\">Kredit f\u00fcr Operation<\/a><\/li>\n<li><a href=\"http:\/\/www.dr-staedtler.de\/sofort-kredit\/arten\/fuer-photovoltaikanlage\">Kredit f\u00fcr Photovoltaikanlage<\/a><\/li>\n<li><a href=\"http:\/\/www.dr-staedtler.de\/sofort-kredit\/arten\/fuer-pilotenausbildung\">Kredit f\u00fcr Pilotenausbildung<\/a><\/li>\n<li><a href=\"http:\/\/www.dr-staedtler.de\/sofort-kredit\/arten\/fuer-quad\">Kredit f\u00fcr Quad<\/a><\/li>\n<li><a href=\"http:\/\/www.dr-staedtler.de\/sofort-kredit\/arten\/fuer-reise\">Kredit f\u00fcr Reise<\/a><\/li>\n<li><a href=\"http:\/\/www.dr-staedtler.de\/sofort-kredit\/arten\/fuer-renovierung\">Kredit f\u00fcr Renovierung<\/a><\/li>\n<li><a href=\"http:\/\/www.dr-staedtler.de\/sofort-kredit\/arten\/fuer-rentner\">Kredit f\u00fcr Rentner<\/a><\/li>\n<li><a href=\"http:\/\/www.dr-staedtler.de\/sofort-kredit\/arten\/fuer-schueler\">Kredit f\u00fcr Sch\u00fcler<\/a><\/li>\n<li><a href=\"http:\/\/www.dr-staedtler.de\/sofort-kredit\/sofortkredit-fuer-selbstaendige\">Kredit f\u00fcr Selbstst\u00e4ndige<\/a><\/li>\n<li><a href=\"http:\/\/www.dr-staedtler.de\/sofort-kredit\/arten\/fuer-soldaten\">Kredit f\u00fcr Soldaten<\/a><\/li>\n<li><a href=\"http:\/\/www.dr-staedtler.de\/sofort-kredit\/sofortkredit-fur-studenten\">Kredit f\u00fcr Studenten<\/a><\/li>\n<li><a href=\"http:\/\/www.dr-staedtler.de\/sofort-kredit\/arten\/fuer-traktor\">Kredit f\u00fcr Traktor<\/a><\/li>\n<li><a href=\"http:\/\/www.dr-staedtler.de\/sofort-kredit\/arten\/fuer-trockner\">Kredit f\u00fcr Trockner<\/a><\/li>\n<li><a href=\"http:\/\/www.dr-staedtler.de\/sofort-kredit\/arten\/fuer-umzug\">Kredit f\u00fcr Umzug<\/a><\/li>\n<li><a href=\"http:\/\/www.dr-staedtler.de\/sofort-kredit\/arten\/fuer-urlaub\">Kredit f\u00fcr Urlaub<\/a><\/li>\n<li><a href=\"http:\/\/www.dr-staedtler.de\/sofort-kredit\/arten\/fuer-weiterbildung\">Kredit f\u00fcr Weiterbildung<\/a><\/li>\n<li><a href=\"http:\/\/www.dr-staedtler.de\/sofort-kredit\/arten\/fuer-versicherung\">Kredit f\u00fcr Versicherung<\/a><\/li>\n<li><a href=\"http:\/\/www.dr-staedtler.de\/sofort-kredit\/arten\/fuer-vier-wochen\">Kredit f\u00fcr vier Wochen<\/a><\/li>\n<li><a href=\"http:\/\/www.dr-staedtler.de\/sofort-kredit\/arten\/fuer-wohnung\">Kredit f\u00fcr Wohnung<\/a><\/li>\n<li><a href=\"http:\/\/www.dr-staedtler.de\/sofort-kredit\/arten\/fuer-zahnersatz\">Kredit f\u00fcr Zahnersatz<\/a><\/li>\n<li><a href=\"http:\/\/www.dr-staedtler.de\/sofort-kredit\/arten\/fuer-zweitstudium\">Kredit f\u00fcr Zweitstudium<\/a><\/li>\n<li><a href=\"http:\/\/www.dr-staedtler.de\/sofort-kredit\/arten\/ohne-sicherheiten\">Kredit ohne Sicherheiten<\/a><\/li>\n<\/ul>\n","protected":false},"excerpt":{"rendered":"<p>Hier erhalten Sie eine \u00dcbersicht \u00fcber die verschiedenen Kreditarten und Verwendungszwecke: Kredit f\u00fcr Autoreifen Kredit f\u00fcr Autoreparatur Kredit f\u00fcr Arbeitslose Kredit f\u00fcr Azubis Kredit f\u00fcr Behinderung Kredit f\u00fcr Brustvergr\u00f6\u00dferung Kredit f\u00fcr Casino Kredit f\u00fcr Dachsanierung Kredit f\u00fcr Existenzgr\u00fcnder Kredit f\u00fcr Familien Kredit f\u00fcr Fenster Kredit f\u00fcr Freiberufler Kredit f\u00fcr F\u00fchrerschein Kredit f\u00fcr Hartz IV Kredit [&hellip;]<\/p>\n","protected":false},"author":2,"featured_media":0,"parent":0,"menu_order":7,"comment_status":"closed","ping_status":"open","template":"templates\/sidebar-right.php","meta":{"footnotes":""},"class_list":["post-1081","page","type-page","status-publish","hentry"],"yoast_head":"<!-- This site is optimized with the Yoast SEO plugin v24.6 - https:\/\/yoast.com\/wordpress\/plugins\/seo\/ -->\n<title>Diese verschiedenen Kreditarten und Verwendungszwecke gibt es<\/title>\n<meta name=\"description\" content=\"Je nach Berufsgruppe oder verwendungszweck gibt es unterschiedliche Kreditangebote. Wir haben f\u00fcr Jeden den passenden Sofortkredit parat.\" \/>\n<meta name=\"robots\" content=\"index, follow, max-snippet:-1, max-image-preview:large, max-video-preview:-1\" \/>\n<link rel=\"canonical\" href=\"https:\/\/www.dr-staedtler.de\/sofort-kredit\/arten\" \/>\n<meta property=\"og:locale\" content=\"de_DE\" \/>\n<meta property=\"og:type\" content=\"article\" \/>\n<meta property=\"og:title\" content=\"Diese verschiedenen Kreditarten und Verwendungszwecke gibt es\" \/>\n<meta property=\"og:description\" content=\"Je nach Berufsgruppe oder verwendungszweck gibt es unterschiedliche Kreditangebote. Wir haben f\u00fcr Jeden den passenden Sofortkredit parat.\" \/>\n<meta property=\"og:url\" content=\"https:\/\/www.dr-staedtler.de\/sofort-kredit\/arten\" \/>\n<meta property=\"og:site_name\" content=\"Sofortkredit\" \/>\n<meta property=\"article:modified_time\" content=\"2017-01-31T10:19:22+00:00\" \/>\n<meta name=\"twitter:card\" content=\"summary_large_image\" \/>\n<meta name=\"twitter:label1\" content=\"Gesch\u00e4tzte Lesezeit\" \/>\n\t<meta name=\"twitter:data1\" content=\"1\u00a0Minute\" \/>\n<script type=\"application\/ld+json\" class=\"yoast-schema-graph\">{\"@context\":\"https:\/\/schema.org\",\"@graph\":[{\"@type\":\"WebPage\",\"@id\":\"https:\/\/www.dr-staedtler.de\/sofort-kredit\/arten\",\"url\":\"https:\/\/www.dr-staedtler.de\/sofort-kredit\/arten\",\"name\":\"Diese verschiedenen Kreditarten und Verwendungszwecke gibt es\",\"isPartOf\":{\"@id\":\"http:\/\/www.dr-staedtler.de\/sofort-kredit\/#website\"},\"datePublished\":\"2012-08-27T14:58:16+00:00\",\"dateModified\":\"2017-01-31T10:19:22+00:00\",\"description\":\"Je nach Berufsgruppe oder verwendungszweck gibt es unterschiedliche Kreditangebote. Wir haben f\u00fcr Jeden den passenden Sofortkredit parat.\",\"breadcrumb\":{\"@id\":\"https:\/\/www.dr-staedtler.de\/sofort-kredit\/arten#breadcrumb\"},\"inLanguage\":\"de\",\"potentialAction\":[{\"@type\":\"ReadAction\",\"target\":[\"https:\/\/www.dr-staedtler.de\/sofort-kredit\/arten\"]}]},{\"@type\":\"BreadcrumbList\",\"@id\":\"https:\/\/www.dr-staedtler.de\/sofort-kredit\/arten#breadcrumb\",\"itemListElement\":[{\"@type\":\"ListItem\",\"position\":1,\"name\":\"Home\",\"item\":\"https:\/\/www.dr-staedtler.de\/sofort-kredit\/\"},{\"@type\":\"ListItem\",\"position\":2,\"name\":\"Diese verschiedenen Kreditarten und Verwendungszwecke gibt es\"}]},{\"@type\":\"WebSite\",\"@id\":\"http:\/\/www.dr-staedtler.de\/sofort-kredit\/#website\",\"url\":\"http:\/\/www.dr-staedtler.de\/sofort-kredit\/\",\"name\":\"Sofortkredit\",\"description\":\"Der Sofortkredit im unabh\u00e4ngigen Vergleich\",\"potentialAction\":[{\"@type\":\"SearchAction\",\"target\":{\"@type\":\"EntryPoint\",\"urlTemplate\":\"http:\/\/www.dr-staedtler.de\/sofort-kredit\/?s={search_term_string}\"},\"query-input\":{\"@type\":\"PropertyValueSpecification\",\"valueRequired\":true,\"valueName\":\"search_term_string\"}}],\"inLanguage\":\"de\"}]}<\/script>\n<!-- \/ Yoast SEO plugin. -->","yoast_head_json":{"title":"Diese verschiedenen Kreditarten und Verwendungszwecke gibt es","description":"Je nach Berufsgruppe oder verwendungszweck gibt es unterschiedliche Kreditangebote. Wir haben f\u00fcr Jeden den passenden Sofortkredit parat.","robots":{"index":"index","follow":"follow","max-snippet":"max-snippet:-1","max-image-preview":"max-image-preview:large","max-video-preview":"max-video-preview:-1"},"canonical":"https:\/\/www.dr-staedtler.de\/sofort-kredit\/arten","og_locale":"de_DE","og_type":"article","og_title":"Diese verschiedenen Kreditarten und Verwendungszwecke gibt es","og_description":"Je nach Berufsgruppe oder verwendungszweck gibt es unterschiedliche Kreditangebote. Wir haben f\u00fcr Jeden den passenden Sofortkredit parat.","og_url":"https:\/\/www.dr-staedtler.de\/sofort-kredit\/arten","og_site_name":"Sofortkredit","article_modified_time":"2017-01-31T10:19:22+00:00","twitter_card":"summary_large_image","twitter_misc":{"Gesch\u00e4tzte Lesezeit":"1\u00a0Minute"},"schema":{"@context":"https:\/\/schema.org","@graph":[{"@type":"WebPage","@id":"https:\/\/www.dr-staedtler.de\/sofort-kredit\/arten","url":"https:\/\/www.dr-staedtler.de\/sofort-kredit\/arten","name":"Diese verschiedenen Kreditarten und Verwendungszwecke gibt es","isPartOf":{"@id":"http:\/\/www.dr-staedtler.de\/sofort-kredit\/#website"},"datePublished":"2012-08-27T14:58:16+00:00","dateModified":"2017-01-31T10:19:22+00:00","description":"Je nach Berufsgruppe oder verwendungszweck gibt es unterschiedliche Kreditangebote. Wir haben f\u00fcr Jeden den passenden Sofortkredit parat.","breadcrumb":{"@id":"https:\/\/www.dr-staedtler.de\/sofort-kredit\/arten#breadcrumb"},"inLanguage":"de","potentialAction":[{"@type":"ReadAction","target":["https:\/\/www.dr-staedtler.de\/sofort-kredit\/arten"]}]},{"@type":"BreadcrumbList","@id":"https:\/\/www.dr-staedtler.de\/sofort-kredit\/arten#breadcrumb","itemListElement":[{"@type":"ListItem","position":1,"name":"Home","item":"https:\/\/www.dr-staedtler.de\/sofort-kredit\/"},{"@type":"ListItem","position":2,"name":"Diese verschiedenen Kreditarten und Verwendungszwecke gibt es"}]},{"@type":"WebSite","@id":"http:\/\/www.dr-staedtler.de\/sofort-kredit\/#website","url":"http:\/\/www.dr-staedtler.de\/sofort-kredit\/","name":"Sofortkredit","description":"Der Sofortkredit im unabh\u00e4ngigen Vergleich","potentialAction":[{"@type":"SearchAction","target":{"@type":"EntryPoint","urlTemplate":"http:\/\/www.dr-staedtler.de\/sofort-kredit\/?s={search_term_string}"},"query-input":{"@type":"PropertyValueSpecification","valueRequired":true,"valueName":"search_term_string"}}],"inLanguage":"de"}]}},"_links":{"self":[{"href":"http:\/\/www.dr-staedtler.de\/sofort-kredit\/wp-json\/wp\/v2\/pages\/1081","targetHints":{"allow":["GET"]}}],"collection":[{"href":"http:\/\/www.dr-staedtler.de\/sofort-kredit\/wp-json\/wp\/v2\/pages"}],"about":[{"href":"http:\/\/www.dr-staedtler.de\/sofort-kredit\/wp-json\/wp\/v2\/types\/page"}],"author":[{"embeddable":true,"href":"http:\/\/www.dr-staedtler.de\/sofort-kredit\/wp-json\/wp\/v2\/users\/2"}],"replies":[{"embeddable":true,"href":"http:\/\/www.dr-staedtler.de\/sofort-kredit\/wp-json\/wp\/v2\/comments?post=1081"}],"version-history":[{"count":1,"href":"http:\/\/www.dr-staedtler.de\/sofort-kredit\/wp-json\/wp\/v2\/pages\/1081\/revisions"}],"predecessor-version":[{"id":2172,"href":"http:\/\/www.dr-staedtler.de\/sofort-kredit\/wp-json\/wp\/v2\/pages\/1081\/revisions\/2172"}],"wp:attachment":[{"href":"http:\/\/www.dr-staedtler.de\/sofort-kredit\/wp-json\/wp\/v2\/media?parent=1081"}],"curies":[{"name":"wp","href":"https:\/\/api.w.org\/{rel}","templated":true}]}}