{"id":1035,"date":"2012-08-30T18:01:30","date_gmt":"2012-08-30T16:01:30","guid":{"rendered":"http:\/\/www.sofort-kredit.net\/?page_id=1035"},"modified":"2017-05-23T12:16:44","modified_gmt":"2017-05-23T10:16:44","slug":"fuer-versicherung","status":"publish","type":"page","link":"http:\/\/www.dr-staedtler.de\/sofort-kredit\/arten\/fuer-versicherung","title":{"rendered":"Kredit f\u00fcr Versicherung"},"content":{"rendered":"<p><strong>Kredite f\u00fcr Versicherungen<\/strong> sind oftmals notwendig, gerade wenn Versicherungsbeitr\u00e4ge anfallen die den eigenen Rahmen \u00fcbersteigen. Verbraucher setzen oft auf eine Auszahlrate von einem Jahr, wodurch gr\u00f6\u00dfere Geldsummen zusammenkommen. Diese m\u00fcssen bezahlt werden, da die Versicherung andernfalls k\u00fcndigt. Daf\u00fcr ist ein gutes Finanzierungsmodell wie ein Kredit notwendig.<br \/>\n<script defer=\"\" async=\"\" data-affiliateid=\"9e1fdf7f\" data-placementid=\"783582278\" data-amount=\"1000\" data-category=\"\" data-duration=\"24\" src=\"https:\/\/www.smava.de\/pp\/smava-kreditvergleich\/main.js\"><\/script><br \/>\nDie <strong>Kfz-Versicherung<\/strong> ist genauso wichtig wie die Haftpflichtversicherung oder die Hausratversicherung. Wenn <strong>Versicherungsbeitr\u00e4ge<\/strong> nicht gezahlt werden, dann hat das Versicherungsunternehmen das Recht den Versicherungsnehmer zu k\u00fcndigen. Eine Situation die \u00e4u\u00dferst h\u00e4ufig eintritt. Daher gilt es sich vorab vor Situationen dieser Art zu sch\u00fctzen. Viele Versicherungsnehmer legen die Beitragszahlungen auf das Ende des gesamten Jahres. Das bedeutet gleicherma\u00dfen, dass die gesamte Versicherungslast mit einem Mal kommt. Gerade bei der Kfz-Versicherung m\u00fcssen<strong> hohe Betr\u00e4ge<\/strong> bezahlt werden. So ist es nicht selten, dass Summen im vierstelligen Bereich zu Stande kommen, die getilgt werden m\u00fcssen. Besonders betroffen sind die Krankenversicherung und die Rentenversicherung.<\/p>\n<h3>Was wenn das Geld sofort ben\u00f6tigt wird?<\/h3>\n<p><img loading=\"lazy\" decoding=\"async\" class=\"alignleft size-medium wp-image-1304\" style=\"margin-right: 10px; margin-bottom: 8px; border: 1px solid grey;\" title=\"Kredit f\u00fcr Versicherung gegen Autoschaden\" src=\"http:\/\/www.dr-staedtler.de\/sofort-kredit\/wp-content\/uploads\/2012\/08\/versicherung-300x199.jpg\" alt=\"Kredit f\u00fcr Versicherung gegen Autoschaden\" width=\"300\" height=\"199\" srcset=\"http:\/\/www.dr-staedtler.de\/sofort-kredit\/wp-content\/uploads\/2012\/08\/versicherung-300x199.jpg 300w, http:\/\/www.dr-staedtler.de\/sofort-kredit\/wp-content\/uploads\/2012\/08\/versicherung.jpg 425w\" sizes=\"auto, (max-width: 300px) 100vw, 300px\" \/>Versicherungen kennen kein Pardon. Wird das Geld nicht in einem festgelegten Zeitraum \u00fcberwiesen, dann kann das Versicherungsunternehmen den Versicherungsnehmer k\u00fcndigen oder gar verklagen. Hier sollte vorab pr\u00e4ventiv gearbeitet werden. Ein <strong>Sofortkredit f\u00fcr Versicherung<\/strong> hilft dabei die ben\u00f6tigte Summe binnen zweier Tagen auf dem eigenen Konto wiederzufinden. Dabei muss der <strong>Sofortkredit<\/strong> \u00fcber das Internet beantragt werden. Nachdem das Formular geschickt wurde wird ein Identifikationsnachweis beantragt, wobei dieser \u00fcber den Postweg verschickt werden muss. Ist die <strong>Bonit\u00e4t positiv<\/strong>, dann wird die beantragte Summe noch am selben Tag auf das eigene Konto \u00fcberwiesen.<\/p>\n<h3>Den g\u00fcnstigsten Tarif finden<\/h3>\n<p>Wird ein <strong>g\u00fcnstiger Tarif<\/strong> gesucht, dann empfiehlt sich ein<strong> Kreditvergleich<\/strong>. Der Kreditvergleich ist kostenlos, er l\u00e4sst sich \u00e4u\u00dferst leicht bedienen und es k\u00f6nnen individuelle Angaben f\u00fcr das Suchergebnis gemacht werden. Beispielsweise die <strong>gew\u00fcnschte Kreditsumme<\/strong>, die gew\u00fcnschte Kreditlaufzeit oder ein bestimmtes<strong> Zinsmodell.<\/strong> Der eine bevorzugt eine variable Verzinsung und der andere wiederum eine feste Verzinsung. Auf diese Weise k\u00f6nnen Versicherungsbeitr\u00e4ge unkompliziert bezahlt werden, wobei der <strong>Kredit selbst in Raten abgezahlt<\/strong> werden kann.<\/p>\n","protected":false},"excerpt":{"rendered":"<p>Kredite f\u00fcr Versicherungen sind oftmals notwendig, gerade wenn Versicherungsbeitr\u00e4ge anfallen die den eigenen Rahmen \u00fcbersteigen. Verbraucher setzen oft auf eine Auszahlrate von einem Jahr, wodurch gr\u00f6\u00dfere Geldsummen zusammenkommen. Diese m\u00fcssen bezahlt werden, da die Versicherung andernfalls k\u00fcndigt. Daf\u00fcr ist ein gutes Finanzierungsmodell wie ein Kredit notwendig. Die Kfz-Versicherung ist genauso wichtig wie die Haftpflichtversicherung oder [&hellip;]<\/p>\n","protected":false},"author":2,"featured_media":0,"parent":1081,"menu_order":0,"comment_status":"closed","ping_status":"open","template":"templates\/sidebar-right.php","meta":{"footnotes":""},"class_list":["post-1035","page","type-page","status-publish","hentry"],"yoast_head":"<!-- This site is optimized with the Yoast SEO plugin v24.6 - https:\/\/yoast.com\/wordpress\/plugins\/seo\/ -->\n<title>Kredit f\u00fcr Versicherung - Jetzt finden und beantragen<\/title>\n<meta name=\"description\" content=\"Kredit f\u00fcr Versicherung: Kredite f\u00fcr Versicherungen m\u00fcssen manchmal sein, damit die Absicherung nicht gef\u00e4hrdet ist. Welcher ist am Besten daf\u00fcr geeignet?\" \/>\n<meta name=\"robots\" content=\"index, follow, max-snippet:-1, max-image-preview:large, max-video-preview:-1\" \/>\n<link rel=\"canonical\" href=\"https:\/\/www.dr-staedtler.de\/sofort-kredit\/arten\/fuer-versicherung\" \/>\n<meta property=\"og:locale\" content=\"de_DE\" \/>\n<meta property=\"og:type\" content=\"article\" \/>\n<meta property=\"og:title\" content=\"Kredit f\u00fcr Versicherung - Jetzt finden und beantragen\" \/>\n<meta property=\"og:description\" content=\"Kredit f\u00fcr Versicherung: Kredite f\u00fcr Versicherungen m\u00fcssen manchmal sein, damit die Absicherung nicht gef\u00e4hrdet ist. Welcher ist am Besten daf\u00fcr geeignet?\" \/>\n<meta property=\"og:url\" content=\"https:\/\/www.dr-staedtler.de\/sofort-kredit\/arten\/fuer-versicherung\" \/>\n<meta property=\"og:site_name\" content=\"Sofortkredit\" \/>\n<meta property=\"article:modified_time\" content=\"2017-05-23T10:16:44+00:00\" \/>\n<meta property=\"og:image\" content=\"http:\/\/www.dr-staedtler.de\/sofort-kredit\/wp-content\/uploads\/2012\/08\/versicherung-300x199.jpg\" \/>\n<meta name=\"twitter:card\" content=\"summary_large_image\" \/>\n<meta name=\"twitter:label1\" content=\"Gesch\u00e4tzte Lesezeit\" \/>\n\t<meta name=\"twitter:data1\" content=\"2\u00a0Minuten\" \/>\n<script type=\"application\/ld+json\" class=\"yoast-schema-graph\">{\"@context\":\"https:\/\/schema.org\",\"@graph\":[{\"@type\":\"WebPage\",\"@id\":\"https:\/\/www.dr-staedtler.de\/sofort-kredit\/arten\/fuer-versicherung\",\"url\":\"https:\/\/www.dr-staedtler.de\/sofort-kredit\/arten\/fuer-versicherung\",\"name\":\"Kredit f\u00fcr Versicherung - Jetzt finden und beantragen\",\"isPartOf\":{\"@id\":\"http:\/\/www.dr-staedtler.de\/sofort-kredit\/#website\"},\"primaryImageOfPage\":{\"@id\":\"https:\/\/www.dr-staedtler.de\/sofort-kredit\/arten\/fuer-versicherung#primaryimage\"},\"image\":{\"@id\":\"https:\/\/www.dr-staedtler.de\/sofort-kredit\/arten\/fuer-versicherung#primaryimage\"},\"thumbnailUrl\":\"http:\/\/www.dr-staedtler.de\/sofort-kredit\/wp-content\/uploads\/2012\/08\/versicherung-300x199.jpg\",\"datePublished\":\"2012-08-30T16:01:30+00:00\",\"dateModified\":\"2017-05-23T10:16:44+00:00\",\"description\":\"Kredit f\u00fcr Versicherung: Kredite f\u00fcr Versicherungen m\u00fcssen manchmal sein, damit die Absicherung nicht gef\u00e4hrdet ist. Welcher ist am Besten daf\u00fcr geeignet?\",\"breadcrumb\":{\"@id\":\"https:\/\/www.dr-staedtler.de\/sofort-kredit\/arten\/fuer-versicherung#breadcrumb\"},\"inLanguage\":\"de\",\"potentialAction\":[{\"@type\":\"ReadAction\",\"target\":[\"https:\/\/www.dr-staedtler.de\/sofort-kredit\/arten\/fuer-versicherung\"]}]},{\"@type\":\"ImageObject\",\"inLanguage\":\"de\",\"@id\":\"https:\/\/www.dr-staedtler.de\/sofort-kredit\/arten\/fuer-versicherung#primaryimage\",\"url\":\"http:\/\/www.dr-staedtler.de\/sofort-kredit\/wp-content\/uploads\/2012\/08\/versicherung.jpg\",\"contentUrl\":\"http:\/\/www.dr-staedtler.de\/sofort-kredit\/wp-content\/uploads\/2012\/08\/versicherung.jpg\",\"width\":\"425\",\"height\":\"282\",\"caption\":\"Kredit f\u00fcr Versicherung gegen Autoschaden\"},{\"@type\":\"BreadcrumbList\",\"@id\":\"https:\/\/www.dr-staedtler.de\/sofort-kredit\/arten\/fuer-versicherung#breadcrumb\",\"itemListElement\":[{\"@type\":\"ListItem\",\"position\":1,\"name\":\"Home\",\"item\":\"https:\/\/www.dr-staedtler.de\/sofort-kredit\/\"},{\"@type\":\"ListItem\",\"position\":2,\"name\":\"Diese verschiedenen Kreditarten und Verwendungszwecke gibt es\",\"item\":\"https:\/\/www.dr-staedtler.de\/sofort-kredit\/arten\"},{\"@type\":\"ListItem\",\"position\":3,\"name\":\"Kredit f\u00fcr Versicherung\"}]},{\"@type\":\"WebSite\",\"@id\":\"http:\/\/www.dr-staedtler.de\/sofort-kredit\/#website\",\"url\":\"http:\/\/www.dr-staedtler.de\/sofort-kredit\/\",\"name\":\"Sofortkredit\",\"description\":\"Der Sofortkredit im unabh\u00e4ngigen Vergleich\",\"potentialAction\":[{\"@type\":\"SearchAction\",\"target\":{\"@type\":\"EntryPoint\",\"urlTemplate\":\"http:\/\/www.dr-staedtler.de\/sofort-kredit\/?s={search_term_string}\"},\"query-input\":{\"@type\":\"PropertyValueSpecification\",\"valueRequired\":true,\"valueName\":\"search_term_string\"}}],\"inLanguage\":\"de\"}]}<\/script>\n<!-- \/ Yoast SEO plugin. -->","yoast_head_json":{"title":"Kredit f\u00fcr Versicherung - Jetzt finden und beantragen","description":"Kredit f\u00fcr Versicherung: Kredite f\u00fcr Versicherungen m\u00fcssen manchmal sein, damit die Absicherung nicht gef\u00e4hrdet ist. Welcher ist am Besten daf\u00fcr geeignet?","robots":{"index":"index","follow":"follow","max-snippet":"max-snippet:-1","max-image-preview":"max-image-preview:large","max-video-preview":"max-video-preview:-1"},"canonical":"https:\/\/www.dr-staedtler.de\/sofort-kredit\/arten\/fuer-versicherung","og_locale":"de_DE","og_type":"article","og_title":"Kredit f\u00fcr Versicherung - Jetzt finden und beantragen","og_description":"Kredit f\u00fcr Versicherung: Kredite f\u00fcr Versicherungen m\u00fcssen manchmal sein, damit die Absicherung nicht gef\u00e4hrdet ist. Welcher ist am Besten daf\u00fcr geeignet?","og_url":"https:\/\/www.dr-staedtler.de\/sofort-kredit\/arten\/fuer-versicherung","og_site_name":"Sofortkredit","article_modified_time":"2017-05-23T10:16:44+00:00","og_image":[{"url":"http:\/\/www.dr-staedtler.de\/sofort-kredit\/wp-content\/uploads\/2012\/08\/versicherung-300x199.jpg","type":"","width":"","height":""}],"twitter_card":"summary_large_image","twitter_misc":{"Gesch\u00e4tzte Lesezeit":"2\u00a0Minuten"},"schema":{"@context":"https:\/\/schema.org","@graph":[{"@type":"WebPage","@id":"https:\/\/www.dr-staedtler.de\/sofort-kredit\/arten\/fuer-versicherung","url":"https:\/\/www.dr-staedtler.de\/sofort-kredit\/arten\/fuer-versicherung","name":"Kredit f\u00fcr Versicherung - Jetzt finden und beantragen","isPartOf":{"@id":"http:\/\/www.dr-staedtler.de\/sofort-kredit\/#website"},"primaryImageOfPage":{"@id":"https:\/\/www.dr-staedtler.de\/sofort-kredit\/arten\/fuer-versicherung#primaryimage"},"image":{"@id":"https:\/\/www.dr-staedtler.de\/sofort-kredit\/arten\/fuer-versicherung#primaryimage"},"thumbnailUrl":"http:\/\/www.dr-staedtler.de\/sofort-kredit\/wp-content\/uploads\/2012\/08\/versicherung-300x199.jpg","datePublished":"2012-08-30T16:01:30+00:00","dateModified":"2017-05-23T10:16:44+00:00","description":"Kredit f\u00fcr Versicherung: Kredite f\u00fcr Versicherungen m\u00fcssen manchmal sein, damit die Absicherung nicht gef\u00e4hrdet ist. Welcher ist am Besten daf\u00fcr geeignet?","breadcrumb":{"@id":"https:\/\/www.dr-staedtler.de\/sofort-kredit\/arten\/fuer-versicherung#breadcrumb"},"inLanguage":"de","potentialAction":[{"@type":"ReadAction","target":["https:\/\/www.dr-staedtler.de\/sofort-kredit\/arten\/fuer-versicherung"]}]},{"@type":"ImageObject","inLanguage":"de","@id":"https:\/\/www.dr-staedtler.de\/sofort-kredit\/arten\/fuer-versicherung#primaryimage","url":"http:\/\/www.dr-staedtler.de\/sofort-kredit\/wp-content\/uploads\/2012\/08\/versicherung.jpg","contentUrl":"http:\/\/www.dr-staedtler.de\/sofort-kredit\/wp-content\/uploads\/2012\/08\/versicherung.jpg","width":"425","height":"282","caption":"Kredit f\u00fcr Versicherung gegen Autoschaden"},{"@type":"BreadcrumbList","@id":"https:\/\/www.dr-staedtler.de\/sofort-kredit\/arten\/fuer-versicherung#breadcrumb","itemListElement":[{"@type":"ListItem","position":1,"name":"Home","item":"https:\/\/www.dr-staedtler.de\/sofort-kredit\/"},{"@type":"ListItem","position":2,"name":"Diese verschiedenen Kreditarten und Verwendungszwecke gibt es","item":"https:\/\/www.dr-staedtler.de\/sofort-kredit\/arten"},{"@type":"ListItem","position":3,"name":"Kredit f\u00fcr Versicherung"}]},{"@type":"WebSite","@id":"http:\/\/www.dr-staedtler.de\/sofort-kredit\/#website","url":"http:\/\/www.dr-staedtler.de\/sofort-kredit\/","name":"Sofortkredit","description":"Der Sofortkredit im unabh\u00e4ngigen Vergleich","potentialAction":[{"@type":"SearchAction","target":{"@type":"EntryPoint","urlTemplate":"http:\/\/www.dr-staedtler.de\/sofort-kredit\/?s={search_term_string}"},"query-input":{"@type":"PropertyValueSpecification","valueRequired":true,"valueName":"search_term_string"}}],"inLanguage":"de"}]}},"_links":{"self":[{"href":"http:\/\/www.dr-staedtler.de\/sofort-kredit\/wp-json\/wp\/v2\/pages\/1035","targetHints":{"allow":["GET"]}}],"collection":[{"href":"http:\/\/www.dr-staedtler.de\/sofort-kredit\/wp-json\/wp\/v2\/pages"}],"about":[{"href":"http:\/\/www.dr-staedtler.de\/sofort-kredit\/wp-json\/wp\/v2\/types\/page"}],"author":[{"embeddable":true,"href":"http:\/\/www.dr-staedtler.de\/sofort-kredit\/wp-json\/wp\/v2\/users\/2"}],"replies":[{"embeddable":true,"href":"http:\/\/www.dr-staedtler.de\/sofort-kredit\/wp-json\/wp\/v2\/comments?post=1035"}],"version-history":[{"count":3,"href":"http:\/\/www.dr-staedtler.de\/sofort-kredit\/wp-json\/wp\/v2\/pages\/1035\/revisions"}],"predecessor-version":[{"id":2567,"href":"http:\/\/www.dr-staedtler.de\/sofort-kredit\/wp-json\/wp\/v2\/pages\/1035\/revisions\/2567"}],"up":[{"embeddable":true,"href":"http:\/\/www.dr-staedtler.de\/sofort-kredit\/wp-json\/wp\/v2\/pages\/1081"}],"wp:attachment":[{"href":"http:\/\/www.dr-staedtler.de\/sofort-kredit\/wp-json\/wp\/v2\/media?parent=1035"}],"curies":[{"name":"wp","href":"https:\/\/api.w.org\/{rel}","templated":true}]}}