{"id":1033,"date":"2012-08-30T15:03:16","date_gmt":"2012-08-30T13:03:16","guid":{"rendered":"http:\/\/www.sofort-kredit.net\/?page_id=1033"},"modified":"2017-05-23T12:16:29","modified_gmt":"2017-05-23T10:16:29","slug":"fuer-urlaub","status":"publish","type":"page","link":"http:\/\/www.dr-staedtler.de\/sofort-kredit\/arten\/fuer-urlaub","title":{"rendered":"Kredit f\u00fcr Urlaub"},"content":{"rendered":"<p>Der Urlaub ist wichtig, gerade wenn das ganze Jahr gearbeitet wurde. Familien haben es schwer einen <strong>Urlaub zu finanzieren,<\/strong> was auf die Ausgaben f\u00fcr die Kinder und die Familiengemeinschaft zur\u00fcckzuf\u00fchren ist. Trotzdem gibt es <strong>Finanzierungskonzepte<\/strong>, so beispielsweise <strong>Kredite<\/strong> die an dieser Stelle aushelfen.<br \/>\n<script defer=\"\" async=\"\" data-affiliateid=\"9e1fdf7f\" data-placementid=\"783582278\" data-amount=\"2000\" data-category=\"\" data-duration=\"36\" src=\"https:\/\/www.smava.de\/pp\/smava-kreditvergleich\/main.js\"><\/script><br \/>\n<img loading=\"lazy\" decoding=\"async\" class=\"alignleft size-medium wp-image-1224\" style=\"margin-right: 10px; margin-bottom: 8px; border: 1px solid grey;\" title=\"Kredit f\u00fcr den n\u00e4chsten Urlaub beantragen\" src=\"http:\/\/www.dr-staedtler.de\/sofort-kredit\/wp-content\/uploads\/2012\/08\/urlaubskredit-300x232.jpg\" alt=\"Kredit f\u00fcr den n\u00e4chsten Urlaub beantragen\" width=\"300\" height=\"232\" srcset=\"http:\/\/www.dr-staedtler.de\/sofort-kredit\/wp-content\/uploads\/2012\/08\/urlaubskredit-300x232.jpg 300w, http:\/\/www.dr-staedtler.de\/sofort-kredit\/wp-content\/uploads\/2012\/08\/urlaubskredit.jpg 393w\" sizes=\"auto, (max-width: 300px) 100vw, 300px\" \/>Die <strong>Aufnahme eines Kredites<\/strong> ist die schnellste, unkomplizierteste und einfachste Variante, wird nach einem leistungsstarken Finanzierungskonzept gesucht. Dies betrifft vor allem den<strong> Sofortkredit<\/strong>. Der <strong>Sofortkredit f\u00fcr Urlaub<\/strong> kann unkompliziert \u00fcber das Internet aufgenommen werden. Der<strong> Zinssatz<\/strong> ist im Regelfall vergleichsweise <strong>niedrig<\/strong> und es gibt Ratenmodelle die auf bis zu 84 Monate angepasst werden k\u00f6nnen. Eine <a href=\"http:\/\/www.dr-staedtler.de\/sofort-kredit\/arten\/fuer-familien\" title=\"Urlaubsreise die f\u00fcr die gesamte Familie\">Urlaubsreise die f\u00fcr die gesamte Familie<\/a> gedacht ist wird teuer sein. Ebenso eine Urlaubsreise, die f\u00fcr lediglich zwei Personen oder eine Person ausgelegt ist. Die Preise ergeben sich automatisch, was auf unterschiedlichen Faktoren zur\u00fcckzuf\u00fchren ist. Zum einen die Flugkosten, verreist man au\u00dferhalb der EU aber auch die Hotelkosten. Selbst <strong>Reisepreisvergleiche<\/strong>\u00a0 schaffen nur bedingt Minderung. Schlie\u00dflich entstehen Kosten, die nicht nur durch die Reisekosten, sondern auch die Verpflegungskosten getragen werden m\u00fcssen.<\/p>\n<h2>Wie kann ein g\u00fcnstiger Kredit gefunden werden?<\/h2>\n<p>Um einen <strong>g\u00fcnstigen Kredit<\/strong> zu finden ist ein<strong> Kreditvergleich<\/strong> die einfachste Variante. Kreditvergleiche <a href=\"http:\/\/www.dr-staedtler.de\/sofort-kredit\">k\u00f6nnen unabh\u00e4ngig und objektiv durchgef\u00fchrt<\/a> werden. Das bedeutet, dass kein spezifischer <strong>Kreditanbieter<\/strong> im Vordergrund steht, sondern lediglich das Preisverh\u00e4ltnis und das Leistungsverh\u00e4ltnis f\u00fcr die gesamte<strong> Kreditaufnahme<\/strong> wesentlich ist. Eine wichtige Voraussetzung, gerade wenn Riesen gesucht werden die einem \u00e4u\u00dferst hohen Komfort entsprechen. Weiterhin sollten Verbraucher bei einem Kreditvergleich mit einfachen finanziellen Strukturen arbeiten die \u00fcbersichtlich sind.<\/p>\n<h3>Maximale \u00dcbersicht durch einen einfachen Vergleichen<\/h3>\n<p>Ein <strong>Vergleichssystem<\/strong> hilft dabei maximale \u00dcbersicht zu erlangen. Das Portfolio erstreckt sich auf Hunderte von Anbietern. Da ein Urlaub teuer genug ist, sollte der<strong> Zinssatz m\u00f6glichst g\u00fcnstig<\/strong> sein.. Durch einen<strong> kostenlosen, unabh\u00e4ngigen und unverbindlichen Vergleich<\/strong> k\u00f6nnen leistungsstarke Tarife innerhalb weniger Sekunden sichtbar gemacht werden. Kostenlose und unabh\u00e4ngige Vergleiche k\u00f6nnen im Internet sehr schnell durchgef\u00fchrt werden.<\/p>\n","protected":false},"excerpt":{"rendered":"<p>Der Urlaub ist wichtig, gerade wenn das ganze Jahr gearbeitet wurde. Familien haben es schwer einen Urlaub zu finanzieren, was auf die Ausgaben f\u00fcr die Kinder und die Familiengemeinschaft zur\u00fcckzuf\u00fchren ist. Trotzdem gibt es Finanzierungskonzepte, so beispielsweise Kredite die an dieser Stelle aushelfen. Die Aufnahme eines Kredites ist die schnellste, unkomplizierteste und einfachste Variante, wird [&hellip;]<\/p>\n","protected":false},"author":2,"featured_media":0,"parent":1081,"menu_order":0,"comment_status":"closed","ping_status":"open","template":"templates\/sidebar-right.php","meta":{"footnotes":""},"class_list":["post-1033","page","type-page","status-publish","hentry"],"yoast_head":"<!-- This site is optimized with the Yoast SEO plugin v24.6 - https:\/\/yoast.com\/wordpress\/plugins\/seo\/ -->\n<title>Kredit f\u00fcr Urlaub - Jetzt vergleichen und online beantragen<\/title>\n<meta name=\"description\" content=\"Kredit f\u00fcr Urlaub: Urlaub ist wichtig und wenn man kein Geld gespart hat, kann man trotzdem reisen, ein Kredit machts m\u00f6glich. Doch wo ist er g\u00fcnstig?\" \/>\n<meta name=\"robots\" content=\"index, follow, max-snippet:-1, max-image-preview:large, max-video-preview:-1\" \/>\n<link rel=\"canonical\" href=\"https:\/\/www.dr-staedtler.de\/sofort-kredit\/arten\/fuer-urlaub\" \/>\n<meta property=\"og:locale\" content=\"de_DE\" \/>\n<meta property=\"og:type\" content=\"article\" \/>\n<meta property=\"og:title\" content=\"Kredit f\u00fcr Urlaub - Jetzt vergleichen und online beantragen\" \/>\n<meta property=\"og:description\" content=\"Kredit f\u00fcr Urlaub: Urlaub ist wichtig und wenn man kein Geld gespart hat, kann man trotzdem reisen, ein Kredit machts m\u00f6glich. Doch wo ist er g\u00fcnstig?\" \/>\n<meta property=\"og:url\" content=\"https:\/\/www.dr-staedtler.de\/sofort-kredit\/arten\/fuer-urlaub\" \/>\n<meta property=\"og:site_name\" content=\"Sofortkredit\" \/>\n<meta property=\"article:modified_time\" content=\"2017-05-23T10:16:29+00:00\" \/>\n<meta property=\"og:image\" content=\"http:\/\/www.dr-staedtler.de\/sofort-kredit\/wp-content\/uploads\/2012\/08\/urlaubskredit-300x232.jpg\" \/>\n<meta name=\"twitter:card\" content=\"summary_large_image\" \/>\n<meta name=\"twitter:label1\" content=\"Gesch\u00e4tzte Lesezeit\" \/>\n\t<meta name=\"twitter:data1\" content=\"2\u00a0Minuten\" \/>\n<script type=\"application\/ld+json\" class=\"yoast-schema-graph\">{\"@context\":\"https:\/\/schema.org\",\"@graph\":[{\"@type\":\"WebPage\",\"@id\":\"https:\/\/www.dr-staedtler.de\/sofort-kredit\/arten\/fuer-urlaub\",\"url\":\"https:\/\/www.dr-staedtler.de\/sofort-kredit\/arten\/fuer-urlaub\",\"name\":\"Kredit f\u00fcr Urlaub - Jetzt vergleichen und online beantragen\",\"isPartOf\":{\"@id\":\"http:\/\/www.dr-staedtler.de\/sofort-kredit\/#website\"},\"primaryImageOfPage\":{\"@id\":\"https:\/\/www.dr-staedtler.de\/sofort-kredit\/arten\/fuer-urlaub#primaryimage\"},\"image\":{\"@id\":\"https:\/\/www.dr-staedtler.de\/sofort-kredit\/arten\/fuer-urlaub#primaryimage\"},\"thumbnailUrl\":\"http:\/\/www.dr-staedtler.de\/sofort-kredit\/wp-content\/uploads\/2012\/08\/urlaubskredit-300x232.jpg\",\"datePublished\":\"2012-08-30T13:03:16+00:00\",\"dateModified\":\"2017-05-23T10:16:29+00:00\",\"description\":\"Kredit f\u00fcr Urlaub: Urlaub ist wichtig und wenn man kein Geld gespart hat, kann man trotzdem reisen, ein Kredit machts m\u00f6glich. Doch wo ist er g\u00fcnstig?\",\"breadcrumb\":{\"@id\":\"https:\/\/www.dr-staedtler.de\/sofort-kredit\/arten\/fuer-urlaub#breadcrumb\"},\"inLanguage\":\"de\",\"potentialAction\":[{\"@type\":\"ReadAction\",\"target\":[\"https:\/\/www.dr-staedtler.de\/sofort-kredit\/arten\/fuer-urlaub\"]}]},{\"@type\":\"ImageObject\",\"inLanguage\":\"de\",\"@id\":\"https:\/\/www.dr-staedtler.de\/sofort-kredit\/arten\/fuer-urlaub#primaryimage\",\"url\":\"http:\/\/www.dr-staedtler.de\/sofort-kredit\/wp-content\/uploads\/2012\/08\/urlaubskredit.jpg\",\"contentUrl\":\"http:\/\/www.dr-staedtler.de\/sofort-kredit\/wp-content\/uploads\/2012\/08\/urlaubskredit.jpg\",\"width\":\"393\",\"height\":\"305\",\"caption\":\"Kredit f\u00fcr den n\u00e4chsten Urlaub beantragen\"},{\"@type\":\"BreadcrumbList\",\"@id\":\"https:\/\/www.dr-staedtler.de\/sofort-kredit\/arten\/fuer-urlaub#breadcrumb\",\"itemListElement\":[{\"@type\":\"ListItem\",\"position\":1,\"name\":\"Home\",\"item\":\"https:\/\/www.dr-staedtler.de\/sofort-kredit\/\"},{\"@type\":\"ListItem\",\"position\":2,\"name\":\"Diese verschiedenen Kreditarten und Verwendungszwecke gibt es\",\"item\":\"https:\/\/www.dr-staedtler.de\/sofort-kredit\/arten\"},{\"@type\":\"ListItem\",\"position\":3,\"name\":\"Kredit f\u00fcr Urlaub\"}]},{\"@type\":\"WebSite\",\"@id\":\"http:\/\/www.dr-staedtler.de\/sofort-kredit\/#website\",\"url\":\"http:\/\/www.dr-staedtler.de\/sofort-kredit\/\",\"name\":\"Sofortkredit\",\"description\":\"Der Sofortkredit im unabh\u00e4ngigen Vergleich\",\"potentialAction\":[{\"@type\":\"SearchAction\",\"target\":{\"@type\":\"EntryPoint\",\"urlTemplate\":\"http:\/\/www.dr-staedtler.de\/sofort-kredit\/?s={search_term_string}\"},\"query-input\":{\"@type\":\"PropertyValueSpecification\",\"valueRequired\":true,\"valueName\":\"search_term_string\"}}],\"inLanguage\":\"de\"}]}<\/script>\n<!-- \/ Yoast SEO plugin. -->","yoast_head_json":{"title":"Kredit f\u00fcr Urlaub - Jetzt vergleichen und online beantragen","description":"Kredit f\u00fcr Urlaub: Urlaub ist wichtig und wenn man kein Geld gespart hat, kann man trotzdem reisen, ein Kredit machts m\u00f6glich. Doch wo ist er g\u00fcnstig?","robots":{"index":"index","follow":"follow","max-snippet":"max-snippet:-1","max-image-preview":"max-image-preview:large","max-video-preview":"max-video-preview:-1"},"canonical":"https:\/\/www.dr-staedtler.de\/sofort-kredit\/arten\/fuer-urlaub","og_locale":"de_DE","og_type":"article","og_title":"Kredit f\u00fcr Urlaub - Jetzt vergleichen und online beantragen","og_description":"Kredit f\u00fcr Urlaub: Urlaub ist wichtig und wenn man kein Geld gespart hat, kann man trotzdem reisen, ein Kredit machts m\u00f6glich. Doch wo ist er g\u00fcnstig?","og_url":"https:\/\/www.dr-staedtler.de\/sofort-kredit\/arten\/fuer-urlaub","og_site_name":"Sofortkredit","article_modified_time":"2017-05-23T10:16:29+00:00","og_image":[{"url":"http:\/\/www.dr-staedtler.de\/sofort-kredit\/wp-content\/uploads\/2012\/08\/urlaubskredit-300x232.jpg","type":"","width":"","height":""}],"twitter_card":"summary_large_image","twitter_misc":{"Gesch\u00e4tzte Lesezeit":"2\u00a0Minuten"},"schema":{"@context":"https:\/\/schema.org","@graph":[{"@type":"WebPage","@id":"https:\/\/www.dr-staedtler.de\/sofort-kredit\/arten\/fuer-urlaub","url":"https:\/\/www.dr-staedtler.de\/sofort-kredit\/arten\/fuer-urlaub","name":"Kredit f\u00fcr Urlaub - Jetzt vergleichen und online beantragen","isPartOf":{"@id":"http:\/\/www.dr-staedtler.de\/sofort-kredit\/#website"},"primaryImageOfPage":{"@id":"https:\/\/www.dr-staedtler.de\/sofort-kredit\/arten\/fuer-urlaub#primaryimage"},"image":{"@id":"https:\/\/www.dr-staedtler.de\/sofort-kredit\/arten\/fuer-urlaub#primaryimage"},"thumbnailUrl":"http:\/\/www.dr-staedtler.de\/sofort-kredit\/wp-content\/uploads\/2012\/08\/urlaubskredit-300x232.jpg","datePublished":"2012-08-30T13:03:16+00:00","dateModified":"2017-05-23T10:16:29+00:00","description":"Kredit f\u00fcr Urlaub: Urlaub ist wichtig und wenn man kein Geld gespart hat, kann man trotzdem reisen, ein Kredit machts m\u00f6glich. Doch wo ist er g\u00fcnstig?","breadcrumb":{"@id":"https:\/\/www.dr-staedtler.de\/sofort-kredit\/arten\/fuer-urlaub#breadcrumb"},"inLanguage":"de","potentialAction":[{"@type":"ReadAction","target":["https:\/\/www.dr-staedtler.de\/sofort-kredit\/arten\/fuer-urlaub"]}]},{"@type":"ImageObject","inLanguage":"de","@id":"https:\/\/www.dr-staedtler.de\/sofort-kredit\/arten\/fuer-urlaub#primaryimage","url":"http:\/\/www.dr-staedtler.de\/sofort-kredit\/wp-content\/uploads\/2012\/08\/urlaubskredit.jpg","contentUrl":"http:\/\/www.dr-staedtler.de\/sofort-kredit\/wp-content\/uploads\/2012\/08\/urlaubskredit.jpg","width":"393","height":"305","caption":"Kredit f\u00fcr den n\u00e4chsten Urlaub beantragen"},{"@type":"BreadcrumbList","@id":"https:\/\/www.dr-staedtler.de\/sofort-kredit\/arten\/fuer-urlaub#breadcrumb","itemListElement":[{"@type":"ListItem","position":1,"name":"Home","item":"https:\/\/www.dr-staedtler.de\/sofort-kredit\/"},{"@type":"ListItem","position":2,"name":"Diese verschiedenen Kreditarten und Verwendungszwecke gibt es","item":"https:\/\/www.dr-staedtler.de\/sofort-kredit\/arten"},{"@type":"ListItem","position":3,"name":"Kredit f\u00fcr Urlaub"}]},{"@type":"WebSite","@id":"http:\/\/www.dr-staedtler.de\/sofort-kredit\/#website","url":"http:\/\/www.dr-staedtler.de\/sofort-kredit\/","name":"Sofortkredit","description":"Der Sofortkredit im unabh\u00e4ngigen Vergleich","potentialAction":[{"@type":"SearchAction","target":{"@type":"EntryPoint","urlTemplate":"http:\/\/www.dr-staedtler.de\/sofort-kredit\/?s={search_term_string}"},"query-input":{"@type":"PropertyValueSpecification","valueRequired":true,"valueName":"search_term_string"}}],"inLanguage":"de"}]}},"_links":{"self":[{"href":"http:\/\/www.dr-staedtler.de\/sofort-kredit\/wp-json\/wp\/v2\/pages\/1033","targetHints":{"allow":["GET"]}}],"collection":[{"href":"http:\/\/www.dr-staedtler.de\/sofort-kredit\/wp-json\/wp\/v2\/pages"}],"about":[{"href":"http:\/\/www.dr-staedtler.de\/sofort-kredit\/wp-json\/wp\/v2\/types\/page"}],"author":[{"embeddable":true,"href":"http:\/\/www.dr-staedtler.de\/sofort-kredit\/wp-json\/wp\/v2\/users\/2"}],"replies":[{"embeddable":true,"href":"http:\/\/www.dr-staedtler.de\/sofort-kredit\/wp-json\/wp\/v2\/comments?post=1033"}],"version-history":[{"count":3,"href":"http:\/\/www.dr-staedtler.de\/sofort-kredit\/wp-json\/wp\/v2\/pages\/1033\/revisions"}],"predecessor-version":[{"id":2565,"href":"http:\/\/www.dr-staedtler.de\/sofort-kredit\/wp-json\/wp\/v2\/pages\/1033\/revisions\/2565"}],"up":[{"embeddable":true,"href":"http:\/\/www.dr-staedtler.de\/sofort-kredit\/wp-json\/wp\/v2\/pages\/1081"}],"wp:attachment":[{"href":"http:\/\/www.dr-staedtler.de\/sofort-kredit\/wp-json\/wp\/v2\/media?parent=1033"}],"curies":[{"name":"wp","href":"https:\/\/api.w.org\/{rel}","templated":true}]}}