{"id":1015,"date":"2012-08-29T13:50:28","date_gmt":"2012-08-29T11:50:28","guid":{"rendered":"http:\/\/www.sofort-kredit.net\/?page_id=1015"},"modified":"2017-05-23T12:12:18","modified_gmt":"2017-05-23T10:12:18","slug":"fuer-mietkaution","status":"publish","type":"page","link":"http:\/\/www.dr-staedtler.de\/sofort-kredit\/arten\/fuer-mietkaution","title":{"rendered":"Kredit f\u00fcr Mietkaution"},"content":{"rendered":"<p>Die <strong>Mietkaution<\/strong> ist f\u00fcr den Vermieter eine Sicherheit. Sollte der Vermieter unterschiedlichen Verpflichtungen nicht nachkommen, die mietvertraglich festgehalten sind, dann k\u00f6nnen kleinere Anspr\u00fcche mittels der Mietkaution befriedigt werden. Doch was wenn das <strong>Geld f\u00fcr die Mietkaution<\/strong> nicht ausreicht?<br \/>\n<script defer=\"\" async=\"\" data-affiliateid=\"9e1fdf7f\" data-placementid=\"783582278\" data-amount=\"2000\" data-category=\"\" data-duration=\"36\" src=\"https:\/\/www.smava.de\/pp\/smava-kreditvergleich\/main.js\"><\/script><br \/>\n<img loading=\"lazy\" decoding=\"async\" class=\"alignleft size-medium wp-image-1207\" style=\"margin-right: 10px; margin-bottom: 8px; border: 1px solid grey;\" title=\"Die l\u00e4stige Mietkaution\" src=\"http:\/\/www.dr-staedtler.de\/sofort-kredit\/wp-content\/uploads\/2012\/08\/mietkaution-300x199.jpg\" alt=\"Die l\u00e4stige Mietkaution\" width=\"300\" height=\"199\" srcset=\"http:\/\/www.dr-staedtler.de\/sofort-kredit\/wp-content\/uploads\/2012\/08\/mietkaution-300x199.jpg 300w, http:\/\/www.dr-staedtler.de\/sofort-kredit\/wp-content\/uploads\/2012\/08\/mietkaution.jpg 425w\" sizes=\"auto, (max-width: 300px) 100vw, 300px\" \/>Es gibt verschiedene Vorschriften und Regeln, welche die <strong>H\u00f6he der Mietkaution<\/strong> definieren. Die Mietkaution wird grunds\u00e4tzlich immer getrennt vom <strong>Verm\u00f6gen des jeweiligen Vermieters<\/strong> angelegt. Im Regelfall bel\u00e4uft sich die Mietkaution auf <strong>zwei bis drei Kaltmieten<\/strong>. Sucht man eine Wohnung die gut gelegen ist und f\u00fcr den eigenen Arbeitsplatz optimal ist, dann muss oft das N\u00e4chstbeste genommen werden. Gleichzeitig<strong> kostet die Mietkaution<\/strong> unglaublich viel Geld. Handelt es sich um eine Kaltmiete in einer H\u00f6he von 600 Euro, so muss der Mieter 1500 Euro mit einem Schlag aufbringen. Kosten, die nicht untersch\u00e4tzt werden d\u00fcrfen. Gleichzeitig wird erst nach \u00dcberweisung der Mietkaution der Mietvertrag rechtsg\u00fcltig. Was kann also getan werden?<\/p>\n<h3>Ein Kredit f\u00fcr den Notfall<\/h3>\n<p>Nicht selten muss die <strong>Kaution binnen weniger Tage<\/strong> \u00fcberwiesen werden, damit die Wohnung bezogen werden kann. Hat der Mieter das Geld nicht zur Verf\u00fcgung, dann gilt es eine andere Wohnung zu suchen. Ein Teufelskreislauf, der kein Ende findet. Daher ist die <strong>Aufnahme eines Kredites<\/strong> in Situationen dieser Art der letzte Anker. Doch welche <strong>Bankinstitute<\/strong> erm\u00f6glichen, dass von der Antragstellung bis zur <strong>Kreditaufnahme<\/strong> das Geld innerhalb weniger Tage zur Verf\u00fcgung stellt? Anbieter die den <strong>Sofortkredit<\/strong> zur Verf\u00fcgung stellen. Wie im Wort \u201csofort\u201d schon enthalten wird dieser <a href=\"http:\/\/www.dr-staedtler.de\/sofort-kredit\">Kredit innerhalb von zwei Werktagen ausgezahlt<\/a>. So dringend der Mietvertrag auch ist, auf diese Weise kann die Kaltmiete schnell \u00fcberwiesen werden und die Wohnung sofort bezogen werden. Eine Voraussetzung, die gerade dann wichtig ist, ist der Andrang f\u00fcr eine Wohnung \u00e4u\u00dferst hoch.<\/p>\n<h3>Den g\u00fcnstigsten Zinssatz finden<\/h3>\n<p>Der <strong>Zinssatz<\/strong> hat viel Aussagekraft \u00fcber die Qualit\u00e4t eines <strong>Sofortredit f\u00fcr Mietkaution<\/strong>. Je <strong>g\u00fcnstiger der Zinssatz<\/strong> ist, desto geringer sind die Kosten. Dabei ist wichtig, dass ein <strong>Vergleich<\/strong> durchgef\u00fchrt wird. Vergleichsysteme werden das <strong>beste Ratenmodell<\/strong>, den <strong>g\u00fcnstigsten Zinssatz<\/strong> und die <strong>besten Konditionen<\/strong> pr\u00e4sentieren. Grundlagen, durch die der potentielle Mieter den richtigen Kredit innerhalb von wenigen Sekunden ausfindig machen kann. Da <strong>Vergleichsysteme<\/strong> nichts kosten, keine versteckten AGBs beinhalten und direkt zum gew\u00fcnschten <strong>Kreditanbieter<\/strong> weiterleiten ist es die schnellste und einfachste Art einen Vergleich zu nutzen.<\/p>\n","protected":false},"excerpt":{"rendered":"<p>Die Mietkaution ist f\u00fcr den Vermieter eine Sicherheit. Sollte der Vermieter unterschiedlichen Verpflichtungen nicht nachkommen, die mietvertraglich festgehalten sind, dann k\u00f6nnen kleinere Anspr\u00fcche mittels der Mietkaution befriedigt werden. Doch was wenn das Geld f\u00fcr die Mietkaution nicht ausreicht? Es gibt verschiedene Vorschriften und Regeln, welche die H\u00f6he der Mietkaution definieren. Die Mietkaution wird grunds\u00e4tzlich immer [&hellip;]<\/p>\n","protected":false},"author":2,"featured_media":0,"parent":1081,"menu_order":0,"comment_status":"closed","ping_status":"open","template":"templates\/sidebar-right.php","meta":{"footnotes":""},"class_list":["post-1015","page","type-page","status-publish","hentry"],"yoast_head":"<!-- This site is optimized with the Yoast SEO plugin v24.6 - https:\/\/yoast.com\/wordpress\/plugins\/seo\/ -->\n<title>Kredit f\u00fcr Mietkaution - Jetzt g\u00fcnstigen Kredit sichern<\/title>\n<meta name=\"description\" content=\"Kredit f\u00fcr Mietkaution: Eine Mietkaution muss innerhalb von wenigen Tagen gezahlt werden k\u00f6nnen, damit der Mietvertrag zustande kommt, woher das Geld nehmen?\" \/>\n<meta name=\"robots\" content=\"index, follow, max-snippet:-1, max-image-preview:large, max-video-preview:-1\" \/>\n<link rel=\"canonical\" href=\"https:\/\/www.dr-staedtler.de\/sofort-kredit\/arten\/fuer-mietkaution\" \/>\n<meta property=\"og:locale\" content=\"de_DE\" \/>\n<meta property=\"og:type\" content=\"article\" \/>\n<meta property=\"og:title\" content=\"Kredit f\u00fcr Mietkaution - Jetzt g\u00fcnstigen Kredit sichern\" \/>\n<meta property=\"og:description\" content=\"Kredit f\u00fcr Mietkaution: Eine Mietkaution muss innerhalb von wenigen Tagen gezahlt werden k\u00f6nnen, damit der Mietvertrag zustande kommt, woher das Geld nehmen?\" \/>\n<meta property=\"og:url\" content=\"https:\/\/www.dr-staedtler.de\/sofort-kredit\/arten\/fuer-mietkaution\" \/>\n<meta property=\"og:site_name\" content=\"Sofortkredit\" \/>\n<meta property=\"article:modified_time\" content=\"2017-05-23T10:12:18+00:00\" \/>\n<meta property=\"og:image\" content=\"http:\/\/www.dr-staedtler.de\/sofort-kredit\/wp-content\/uploads\/2012\/08\/mietkaution-300x199.jpg\" \/>\n<meta name=\"twitter:card\" content=\"summary_large_image\" \/>\n<meta name=\"twitter:label1\" content=\"Gesch\u00e4tzte Lesezeit\" \/>\n\t<meta name=\"twitter:data1\" content=\"2\u00a0Minuten\" \/>\n<script type=\"application\/ld+json\" class=\"yoast-schema-graph\">{\"@context\":\"https:\/\/schema.org\",\"@graph\":[{\"@type\":\"WebPage\",\"@id\":\"https:\/\/www.dr-staedtler.de\/sofort-kredit\/arten\/fuer-mietkaution\",\"url\":\"https:\/\/www.dr-staedtler.de\/sofort-kredit\/arten\/fuer-mietkaution\",\"name\":\"Kredit f\u00fcr Mietkaution - Jetzt g\u00fcnstigen Kredit sichern\",\"isPartOf\":{\"@id\":\"http:\/\/www.dr-staedtler.de\/sofort-kredit\/#website\"},\"primaryImageOfPage\":{\"@id\":\"https:\/\/www.dr-staedtler.de\/sofort-kredit\/arten\/fuer-mietkaution#primaryimage\"},\"image\":{\"@id\":\"https:\/\/www.dr-staedtler.de\/sofort-kredit\/arten\/fuer-mietkaution#primaryimage\"},\"thumbnailUrl\":\"http:\/\/www.dr-staedtler.de\/sofort-kredit\/wp-content\/uploads\/2012\/08\/mietkaution-300x199.jpg\",\"datePublished\":\"2012-08-29T11:50:28+00:00\",\"dateModified\":\"2017-05-23T10:12:18+00:00\",\"description\":\"Kredit f\u00fcr Mietkaution: Eine Mietkaution muss innerhalb von wenigen Tagen gezahlt werden k\u00f6nnen, damit der Mietvertrag zustande kommt, woher das Geld nehmen?\",\"breadcrumb\":{\"@id\":\"https:\/\/www.dr-staedtler.de\/sofort-kredit\/arten\/fuer-mietkaution#breadcrumb\"},\"inLanguage\":\"de\",\"potentialAction\":[{\"@type\":\"ReadAction\",\"target\":[\"https:\/\/www.dr-staedtler.de\/sofort-kredit\/arten\/fuer-mietkaution\"]}]},{\"@type\":\"ImageObject\",\"inLanguage\":\"de\",\"@id\":\"https:\/\/www.dr-staedtler.de\/sofort-kredit\/arten\/fuer-mietkaution#primaryimage\",\"url\":\"http:\/\/www.dr-staedtler.de\/sofort-kredit\/wp-content\/uploads\/2012\/08\/mietkaution.jpg\",\"contentUrl\":\"http:\/\/www.dr-staedtler.de\/sofort-kredit\/wp-content\/uploads\/2012\/08\/mietkaution.jpg\",\"width\":\"425\",\"height\":\"282\",\"caption\":\"Die l\u00e4stige Mietkaution\"},{\"@type\":\"BreadcrumbList\",\"@id\":\"https:\/\/www.dr-staedtler.de\/sofort-kredit\/arten\/fuer-mietkaution#breadcrumb\",\"itemListElement\":[{\"@type\":\"ListItem\",\"position\":1,\"name\":\"Home\",\"item\":\"https:\/\/www.dr-staedtler.de\/sofort-kredit\/\"},{\"@type\":\"ListItem\",\"position\":2,\"name\":\"Diese verschiedenen Kreditarten und Verwendungszwecke gibt es\",\"item\":\"https:\/\/www.dr-staedtler.de\/sofort-kredit\/arten\"},{\"@type\":\"ListItem\",\"position\":3,\"name\":\"Kredit f\u00fcr Mietkaution\"}]},{\"@type\":\"WebSite\",\"@id\":\"http:\/\/www.dr-staedtler.de\/sofort-kredit\/#website\",\"url\":\"http:\/\/www.dr-staedtler.de\/sofort-kredit\/\",\"name\":\"Sofortkredit\",\"description\":\"Der Sofortkredit im unabh\u00e4ngigen Vergleich\",\"potentialAction\":[{\"@type\":\"SearchAction\",\"target\":{\"@type\":\"EntryPoint\",\"urlTemplate\":\"http:\/\/www.dr-staedtler.de\/sofort-kredit\/?s={search_term_string}\"},\"query-input\":{\"@type\":\"PropertyValueSpecification\",\"valueRequired\":true,\"valueName\":\"search_term_string\"}}],\"inLanguage\":\"de\"}]}<\/script>\n<!-- \/ Yoast SEO plugin. -->","yoast_head_json":{"title":"Kredit f\u00fcr Mietkaution - Jetzt g\u00fcnstigen Kredit sichern","description":"Kredit f\u00fcr Mietkaution: Eine Mietkaution muss innerhalb von wenigen Tagen gezahlt werden k\u00f6nnen, damit der Mietvertrag zustande kommt, woher das Geld nehmen?","robots":{"index":"index","follow":"follow","max-snippet":"max-snippet:-1","max-image-preview":"max-image-preview:large","max-video-preview":"max-video-preview:-1"},"canonical":"https:\/\/www.dr-staedtler.de\/sofort-kredit\/arten\/fuer-mietkaution","og_locale":"de_DE","og_type":"article","og_title":"Kredit f\u00fcr Mietkaution - Jetzt g\u00fcnstigen Kredit sichern","og_description":"Kredit f\u00fcr Mietkaution: Eine Mietkaution muss innerhalb von wenigen Tagen gezahlt werden k\u00f6nnen, damit der Mietvertrag zustande kommt, woher das Geld nehmen?","og_url":"https:\/\/www.dr-staedtler.de\/sofort-kredit\/arten\/fuer-mietkaution","og_site_name":"Sofortkredit","article_modified_time":"2017-05-23T10:12:18+00:00","og_image":[{"url":"http:\/\/www.dr-staedtler.de\/sofort-kredit\/wp-content\/uploads\/2012\/08\/mietkaution-300x199.jpg","type":"","width":"","height":""}],"twitter_card":"summary_large_image","twitter_misc":{"Gesch\u00e4tzte Lesezeit":"2\u00a0Minuten"},"schema":{"@context":"https:\/\/schema.org","@graph":[{"@type":"WebPage","@id":"https:\/\/www.dr-staedtler.de\/sofort-kredit\/arten\/fuer-mietkaution","url":"https:\/\/www.dr-staedtler.de\/sofort-kredit\/arten\/fuer-mietkaution","name":"Kredit f\u00fcr Mietkaution - Jetzt g\u00fcnstigen Kredit sichern","isPartOf":{"@id":"http:\/\/www.dr-staedtler.de\/sofort-kredit\/#website"},"primaryImageOfPage":{"@id":"https:\/\/www.dr-staedtler.de\/sofort-kredit\/arten\/fuer-mietkaution#primaryimage"},"image":{"@id":"https:\/\/www.dr-staedtler.de\/sofort-kredit\/arten\/fuer-mietkaution#primaryimage"},"thumbnailUrl":"http:\/\/www.dr-staedtler.de\/sofort-kredit\/wp-content\/uploads\/2012\/08\/mietkaution-300x199.jpg","datePublished":"2012-08-29T11:50:28+00:00","dateModified":"2017-05-23T10:12:18+00:00","description":"Kredit f\u00fcr Mietkaution: Eine Mietkaution muss innerhalb von wenigen Tagen gezahlt werden k\u00f6nnen, damit der Mietvertrag zustande kommt, woher das Geld nehmen?","breadcrumb":{"@id":"https:\/\/www.dr-staedtler.de\/sofort-kredit\/arten\/fuer-mietkaution#breadcrumb"},"inLanguage":"de","potentialAction":[{"@type":"ReadAction","target":["https:\/\/www.dr-staedtler.de\/sofort-kredit\/arten\/fuer-mietkaution"]}]},{"@type":"ImageObject","inLanguage":"de","@id":"https:\/\/www.dr-staedtler.de\/sofort-kredit\/arten\/fuer-mietkaution#primaryimage","url":"http:\/\/www.dr-staedtler.de\/sofort-kredit\/wp-content\/uploads\/2012\/08\/mietkaution.jpg","contentUrl":"http:\/\/www.dr-staedtler.de\/sofort-kredit\/wp-content\/uploads\/2012\/08\/mietkaution.jpg","width":"425","height":"282","caption":"Die l\u00e4stige Mietkaution"},{"@type":"BreadcrumbList","@id":"https:\/\/www.dr-staedtler.de\/sofort-kredit\/arten\/fuer-mietkaution#breadcrumb","itemListElement":[{"@type":"ListItem","position":1,"name":"Home","item":"https:\/\/www.dr-staedtler.de\/sofort-kredit\/"},{"@type":"ListItem","position":2,"name":"Diese verschiedenen Kreditarten und Verwendungszwecke gibt es","item":"https:\/\/www.dr-staedtler.de\/sofort-kredit\/arten"},{"@type":"ListItem","position":3,"name":"Kredit f\u00fcr Mietkaution"}]},{"@type":"WebSite","@id":"http:\/\/www.dr-staedtler.de\/sofort-kredit\/#website","url":"http:\/\/www.dr-staedtler.de\/sofort-kredit\/","name":"Sofortkredit","description":"Der Sofortkredit im unabh\u00e4ngigen Vergleich","potentialAction":[{"@type":"SearchAction","target":{"@type":"EntryPoint","urlTemplate":"http:\/\/www.dr-staedtler.de\/sofort-kredit\/?s={search_term_string}"},"query-input":{"@type":"PropertyValueSpecification","valueRequired":true,"valueName":"search_term_string"}}],"inLanguage":"de"}]}},"_links":{"self":[{"href":"http:\/\/www.dr-staedtler.de\/sofort-kredit\/wp-json\/wp\/v2\/pages\/1015","targetHints":{"allow":["GET"]}}],"collection":[{"href":"http:\/\/www.dr-staedtler.de\/sofort-kredit\/wp-json\/wp\/v2\/pages"}],"about":[{"href":"http:\/\/www.dr-staedtler.de\/sofort-kredit\/wp-json\/wp\/v2\/types\/page"}],"author":[{"embeddable":true,"href":"http:\/\/www.dr-staedtler.de\/sofort-kredit\/wp-json\/wp\/v2\/users\/2"}],"replies":[{"embeddable":true,"href":"http:\/\/www.dr-staedtler.de\/sofort-kredit\/wp-json\/wp\/v2\/comments?post=1015"}],"version-history":[{"count":3,"href":"http:\/\/www.dr-staedtler.de\/sofort-kredit\/wp-json\/wp\/v2\/pages\/1015\/revisions"}],"predecessor-version":[{"id":2548,"href":"http:\/\/www.dr-staedtler.de\/sofort-kredit\/wp-json\/wp\/v2\/pages\/1015\/revisions\/2548"}],"up":[{"embeddable":true,"href":"http:\/\/www.dr-staedtler.de\/sofort-kredit\/wp-json\/wp\/v2\/pages\/1081"}],"wp:attachment":[{"href":"http:\/\/www.dr-staedtler.de\/sofort-kredit\/wp-json\/wp\/v2\/media?parent=1015"}],"curies":[{"name":"wp","href":"https:\/\/api.w.org\/{rel}","templated":true}]}}